{"id":9507,"date":"2021-11-30T20:24:56","date_gmt":"2021-11-30T22:24:56","guid":{"rendered":"https:\/\/museuflorestal.ambiente.sp.gov.br\/acervo\/?post_type=tnc_col_329_item&#038;p=9507"},"modified":"2021-11-30T20:24:57","modified_gmt":"2021-11-30T22:24:57","slug":"microscopio","status":"publish","type":"tnc_col_329_item","link":"https:\/\/museuflorestal.ambiente.sp.gov.br\/acervo\/museu-florestal-octavio-vecchi\/microscopio\/","title":{"rendered":"Microsc\u00f3pio"},"content":{"rendered":"<p>Microsc\u00f3pio de a\u00e7o, preto e prateado com base em formato curvo e al\u00e7a. Possui dois visores com regulagem. Na lateral h\u00e1 uma placa de metal com a inscri\u00e7\u00e3o &#8220;IF01522&#8221;. Na base de um dos visores, h\u00e1 a inscri\u00e7\u00e3o &#8220;Reichert Wein&#8221;.<\/p>\n","protected":false},"featured_media":9511,"parent":0,"menu_order":0,"comment_status":"closed","ping_status":"closed","template":"","format":"standard","_links":{"self":[{"href":"https:\/\/museuflorestal.ambiente.sp.gov.br\/acervo\/wp-json\/wp\/v2\/tnc_col_329_item\/9507"}],"collection":[{"href":"https:\/\/museuflorestal.ambiente.sp.gov.br\/acervo\/wp-json\/wp\/v2\/tnc_col_329_item"}],"about":[{"href":"https:\/\/museuflorestal.ambiente.sp.gov.br\/acervo\/wp-json\/wp\/v2\/types\/tnc_col_329_item"}],"replies":[{"embeddable":true,"href":"https:\/\/museuflorestal.ambiente.sp.gov.br\/acervo\/wp-json\/wp\/v2\/comments?post=9507"}],"version-history":[{"count":0,"href":"https:\/\/museuflorestal.ambiente.sp.gov.br\/acervo\/wp-json\/wp\/v2\/tnc_col_329_item\/9507\/revisions"}],"wp:featuredmedia":[{"embeddable":true,"href":"https:\/\/museuflorestal.ambiente.sp.gov.br\/acervo\/wp-json\/wp\/v2\/media\/9511"}],"wp:attachment":[{"href":"https:\/\/museuflorestal.ambiente.sp.gov.br\/acervo\/wp-json\/wp\/v2\/media?parent=9507"}],"curies":[{"name":"wp","href":"https:\/\/api.w.org\/{rel}","templated":true}]}}

Microscópio

<p>Microscópio de aço, preto e prateado com base em formato curvo e alça. Possui dois visores com regulagem. Na lateral há uma placa de metal com a inscrição &#8220;IF01522&#8221;. Na base de um dos visores, há a inscrição &#8220;Reichert Wein&#8221;.</p>
