{"id":9517,"date":"2021-11-30T20:25:04","date_gmt":"2021-11-30T22:25:04","guid":{"rendered":"https:\/\/museuflorestal.ambiente.sp.gov.br\/acervo\/?post_type=tnc_col_329_item&#038;p=9517"},"modified":"2021-11-30T20:25:08","modified_gmt":"2021-11-30T22:25:08","slug":"microscopio-2","status":"publish","type":"tnc_col_329_item","link":"https:\/\/museuflorestal.ambiente.sp.gov.br\/acervo\/museu-florestal-octavio-vecchi\/microscopio-2\/","title":{"rendered":"Microsc\u00f3pio"},"content":{"rendered":"<p>Microsc\u00f3pio de a\u00e7o preto e prata. Possui dois p\u00e9s, dois visores ajust\u00e1veis e l\u00e2mina regul\u00e1veis. Em um dos p\u00e9s, h\u00e1 uma placa de metal com a inscri\u00e7\u00e3o &#8220;IF01783&#8221;. Possui caixa.<\/p>\n","protected":false},"featured_media":9519,"parent":0,"menu_order":0,"comment_status":"closed","ping_status":"closed","template":"","format":"standard","_links":{"self":[{"href":"https:\/\/museuflorestal.ambiente.sp.gov.br\/acervo\/wp-json\/wp\/v2\/tnc_col_329_item\/9517"}],"collection":[{"href":"https:\/\/museuflorestal.ambiente.sp.gov.br\/acervo\/wp-json\/wp\/v2\/tnc_col_329_item"}],"about":[{"href":"https:\/\/museuflorestal.ambiente.sp.gov.br\/acervo\/wp-json\/wp\/v2\/types\/tnc_col_329_item"}],"replies":[{"embeddable":true,"href":"https:\/\/museuflorestal.ambiente.sp.gov.br\/acervo\/wp-json\/wp\/v2\/comments?post=9517"}],"version-history":[{"count":0,"href":"https:\/\/museuflorestal.ambiente.sp.gov.br\/acervo\/wp-json\/wp\/v2\/tnc_col_329_item\/9517\/revisions"}],"wp:featuredmedia":[{"embeddable":true,"href":"https:\/\/museuflorestal.ambiente.sp.gov.br\/acervo\/wp-json\/wp\/v2\/media\/9519"}],"wp:attachment":[{"href":"https:\/\/museuflorestal.ambiente.sp.gov.br\/acervo\/wp-json\/wp\/v2\/media?parent=9517"}],"curies":[{"name":"wp","href":"https:\/\/api.w.org\/{rel}","templated":true}]}}

Microscópio

<p>Microscópio de aço preto e prata. Possui dois pés, dois visores ajustáveis e lâmina reguláveis. Em um dos pés, há uma placa de metal com a inscrição &#8220;IF01783&#8221;. Possui caixa.</p>
