{"id":9540,"date":"2021-11-30T20:25:40","date_gmt":"2021-11-30T22:25:40","guid":{"rendered":"https:\/\/museuflorestal.ambiente.sp.gov.br\/acervo\/?post_type=tnc_col_329_item&#038;p=9540"},"modified":"2021-11-30T20:25:45","modified_gmt":"2021-11-30T22:25:45","slug":"estere-de-lenha","status":"publish","type":"tnc_col_329_item","link":"https:\/\/museuflorestal.ambiente.sp.gov.br\/acervo\/museu-florestal-octavio-vecchi\/estere-de-lenha\/","title":{"rendered":"Estere de lenha"},"content":{"rendered":"<p>Maquete de base quadrada com diversas toras de madeira empilhadas, presas por quatro hastes e dois fios de arame. Na parte superior da base h\u00e1 uma etiqueta com a inscri\u00e7\u00e3o &#8220;Estere de lenha&#8221; e outra com a inscri\u00e7\u00e3o &#8220;OB-188&#8221;.<\/p>\n","protected":false},"featured_media":9541,"parent":0,"menu_order":0,"comment_status":"closed","ping_status":"closed","template":"","format":"standard","_links":{"self":[{"href":"https:\/\/museuflorestal.ambiente.sp.gov.br\/acervo\/wp-json\/wp\/v2\/tnc_col_329_item\/9540"}],"collection":[{"href":"https:\/\/museuflorestal.ambiente.sp.gov.br\/acervo\/wp-json\/wp\/v2\/tnc_col_329_item"}],"about":[{"href":"https:\/\/museuflorestal.ambiente.sp.gov.br\/acervo\/wp-json\/wp\/v2\/types\/tnc_col_329_item"}],"replies":[{"embeddable":true,"href":"https:\/\/museuflorestal.ambiente.sp.gov.br\/acervo\/wp-json\/wp\/v2\/comments?post=9540"}],"version-history":[{"count":0,"href":"https:\/\/museuflorestal.ambiente.sp.gov.br\/acervo\/wp-json\/wp\/v2\/tnc_col_329_item\/9540\/revisions"}],"wp:featuredmedia":[{"embeddable":true,"href":"https:\/\/museuflorestal.ambiente.sp.gov.br\/acervo\/wp-json\/wp\/v2\/media\/9541"}],"wp:attachment":[{"href":"https:\/\/museuflorestal.ambiente.sp.gov.br\/acervo\/wp-json\/wp\/v2\/media?parent=9540"}],"curies":[{"name":"wp","href":"https:\/\/api.w.org\/{rel}","templated":true}]}}

<p>Maquete de base quadrada com diversas toras de madeira empilhadas, presas por quatro hastes e dois fios de arame. Na parte superior da base há uma etiqueta com a inscrição &#8220;Estere de lenha&#8221; e outra com a inscrição &#8220;OB-188&#8221;.</p>
