{"id":9549,"date":"2021-11-30T20:26:03","date_gmt":"2021-11-30T22:26:03","guid":{"rendered":"https:\/\/museuflorestal.ambiente.sp.gov.br\/acervo\/?post_type=tnc_col_329_item&#038;p=9549"},"modified":"2021-11-30T20:26:28","modified_gmt":"2021-11-30T22:26:28","slug":"tora-serrada-e-entabicada","status":"publish","type":"tnc_col_329_item","link":"https:\/\/museuflorestal.ambiente.sp.gov.br\/acervo\/museu-florestal-octavio-vecchi\/tora-serrada-e-entabicada\/","title":{"rendered":"Tora serrada e entabicada"},"content":{"rendered":"<p>Maquete representando uma tora de \u00e1rvore serrada em nove partes de forma longitudinal e paralela, separadas por quatro pranchas de madeira, uma em cima da outra. Possui base quadrada de madeira, em uma das extremidades h\u00e1 uma etiqueta com a inscri\u00e7\u00e3o &#8220;Tora serrada e entabicada&#8221;. Na parte de baixo da base h\u00e1 tecido de veludo colado.<\/p>\n","protected":false},"featured_media":9550,"parent":0,"menu_order":0,"comment_status":"closed","ping_status":"closed","template":"","format":"standard","_links":{"self":[{"href":"https:\/\/museuflorestal.ambiente.sp.gov.br\/acervo\/wp-json\/wp\/v2\/tnc_col_329_item\/9549"}],"collection":[{"href":"https:\/\/museuflorestal.ambiente.sp.gov.br\/acervo\/wp-json\/wp\/v2\/tnc_col_329_item"}],"about":[{"href":"https:\/\/museuflorestal.ambiente.sp.gov.br\/acervo\/wp-json\/wp\/v2\/types\/tnc_col_329_item"}],"replies":[{"embeddable":true,"href":"https:\/\/museuflorestal.ambiente.sp.gov.br\/acervo\/wp-json\/wp\/v2\/comments?post=9549"}],"version-history":[{"count":0,"href":"https:\/\/museuflorestal.ambiente.sp.gov.br\/acervo\/wp-json\/wp\/v2\/tnc_col_329_item\/9549\/revisions"}],"wp:featuredmedia":[{"embeddable":true,"href":"https:\/\/museuflorestal.ambiente.sp.gov.br\/acervo\/wp-json\/wp\/v2\/media\/9550"}],"wp:attachment":[{"href":"https:\/\/museuflorestal.ambiente.sp.gov.br\/acervo\/wp-json\/wp\/v2\/media?parent=9549"}],"curies":[{"name":"wp","href":"https:\/\/api.w.org\/{rel}","templated":true}]}}

<p>Maquete representando uma tora de árvore serrada em nove partes de forma longitudinal e paralela, separadas por quatro pranchas de madeira, uma em cima da outra. Possui base quadrada de madeira, em uma das extremidades há uma etiqueta com a inscrição &#8220;Tora serrada e entabicada&#8221;. Na parte de baixo da base há tecido de veludo colado.</p>
