{"id":9555,"date":"2021-11-30T20:27:41","date_gmt":"2021-11-30T22:27:41","guid":{"rendered":"https:\/\/museuflorestal.ambiente.sp.gov.br\/acervo\/?post_type=tnc_col_329_item&#038;p=9555"},"modified":"2021-11-30T20:28:05","modified_gmt":"2021-11-30T22:28:05","slug":"tora-serrada-e-entabicada-3","status":"publish","type":"tnc_col_329_item","link":"https:\/\/museuflorestal.ambiente.sp.gov.br\/acervo\/museu-florestal-octavio-vecchi\/tora-serrada-e-entabicada-3\/","title":{"rendered":"Tora serrada e entabicada"},"content":{"rendered":"<p>Maquete representando uma tora de \u00e1rvore serrada em dez partes de forma longitudinal e paralela, separadas por quatro pranchas de madeira. Possui base retangular de madeira, em uma das extremidades h\u00e1 uma etiqueta com a inscri\u00e7\u00e3o &#8220;Tora serrada e entabicada&#8221;, e outra com a inscri\u00e7\u00e3o &#8220;OB-183&#8221;.<\/p>\n","protected":false},"featured_media":9556,"parent":0,"menu_order":0,"comment_status":"closed","ping_status":"closed","template":"","format":"standard","_links":{"self":[{"href":"https:\/\/museuflorestal.ambiente.sp.gov.br\/acervo\/wp-json\/wp\/v2\/tnc_col_329_item\/9555"}],"collection":[{"href":"https:\/\/museuflorestal.ambiente.sp.gov.br\/acervo\/wp-json\/wp\/v2\/tnc_col_329_item"}],"about":[{"href":"https:\/\/museuflorestal.ambiente.sp.gov.br\/acervo\/wp-json\/wp\/v2\/types\/tnc_col_329_item"}],"replies":[{"embeddable":true,"href":"https:\/\/museuflorestal.ambiente.sp.gov.br\/acervo\/wp-json\/wp\/v2\/comments?post=9555"}],"version-history":[{"count":0,"href":"https:\/\/museuflorestal.ambiente.sp.gov.br\/acervo\/wp-json\/wp\/v2\/tnc_col_329_item\/9555\/revisions"}],"wp:featuredmedia":[{"embeddable":true,"href":"https:\/\/museuflorestal.ambiente.sp.gov.br\/acervo\/wp-json\/wp\/v2\/media\/9556"}],"wp:attachment":[{"href":"https:\/\/museuflorestal.ambiente.sp.gov.br\/acervo\/wp-json\/wp\/v2\/media?parent=9555"}],"curies":[{"name":"wp","href":"https:\/\/api.w.org\/{rel}","templated":true}]}}

<p>Maquete representando uma tora de árvore serrada em dez partes de forma longitudinal e paralela, separadas por quatro pranchas de madeira. Possui base retangular de madeira, em uma das extremidades há uma etiqueta com a inscrição &#8220;Tora serrada e entabicada&#8221;, e outra com a inscrição &#8220;OB-183&#8221;.</p>
