{"id":9572,"date":"2021-11-30T20:32:30","date_gmt":"2021-11-30T22:32:30","guid":{"rendered":"https:\/\/museuflorestal.ambiente.sp.gov.br\/acervo\/?post_type=tnc_col_329_item&#038;p=9572"},"modified":"2021-11-30T20:32:54","modified_gmt":"2021-11-30T22:32:54","slug":"pranchas-entabicadas-2","status":"publish","type":"tnc_col_329_item","link":"https:\/\/museuflorestal.ambiente.sp.gov.br\/acervo\/museu-florestal-octavio-vecchi\/pranchas-entabicadas-2\/","title":{"rendered":"Pranchas entabicadas"},"content":{"rendered":"<p>Maquete representando uma pilha de pranchas de madeira em forma de paralelep\u00edpedo, divididas em seis partes com seis pranchas cada, separadas por quatro pranchas de madeira. Est\u00e1 colada sobre base retangular de madeira. Na base, em uma das extremidades, h\u00e1 uma etiqueta com a inscri\u00e7\u00e3o &#8220;Pranchas entabicadas&#8221; e outra com a inscri\u00e7\u00e3o &#8220;OB-180&#8221;.<\/p>\n","protected":false},"featured_media":9573,"parent":0,"menu_order":0,"comment_status":"closed","ping_status":"closed","template":"","format":"standard","_links":{"self":[{"href":"https:\/\/museuflorestal.ambiente.sp.gov.br\/acervo\/wp-json\/wp\/v2\/tnc_col_329_item\/9572"}],"collection":[{"href":"https:\/\/museuflorestal.ambiente.sp.gov.br\/acervo\/wp-json\/wp\/v2\/tnc_col_329_item"}],"about":[{"href":"https:\/\/museuflorestal.ambiente.sp.gov.br\/acervo\/wp-json\/wp\/v2\/types\/tnc_col_329_item"}],"replies":[{"embeddable":true,"href":"https:\/\/museuflorestal.ambiente.sp.gov.br\/acervo\/wp-json\/wp\/v2\/comments?post=9572"}],"version-history":[{"count":0,"href":"https:\/\/museuflorestal.ambiente.sp.gov.br\/acervo\/wp-json\/wp\/v2\/tnc_col_329_item\/9572\/revisions"}],"wp:featuredmedia":[{"embeddable":true,"href":"https:\/\/museuflorestal.ambiente.sp.gov.br\/acervo\/wp-json\/wp\/v2\/media\/9573"}],"wp:attachment":[{"href":"https:\/\/museuflorestal.ambiente.sp.gov.br\/acervo\/wp-json\/wp\/v2\/media?parent=9572"}],"curies":[{"name":"wp","href":"https:\/\/api.w.org\/{rel}","templated":true}]}}

<p>Maquete representando uma pilha de pranchas de madeira em forma de paralelepípedo, divididas em seis partes com seis pranchas cada, separadas por quatro pranchas de madeira. Está colada sobre base retangular de madeira. Na base, em uma das extremidades, há uma etiqueta com a inscrição &#8220;Pranchas entabicadas&#8221; e outra com a inscrição &#8220;OB-180&#8221;.</p>
