{"id":9594,"date":"2021-11-30T20:34:43","date_gmt":"2021-11-30T22:34:43","guid":{"rendered":"https:\/\/museuflorestal.ambiente.sp.gov.br\/acervo\/?post_type=tnc_col_329_item&#038;p=9594"},"modified":"2021-11-30T20:34:45","modified_gmt":"2021-11-30T22:34:45","slug":"vaso-de-ceramica-3","status":"publish","type":"tnc_col_329_item","link":"https:\/\/museuflorestal.ambiente.sp.gov.br\/acervo\/museu-florestal-octavio-vecchi\/vaso-de-ceramica-3\/","title":{"rendered":"Vaso de cer\u00e2mica"},"content":{"rendered":"<p>Vaso de cer\u00e2mica com bojo arredondado, terminando em um gargalo e uma borda. Possui desenhos com padr\u00f5es geom\u00e9tricos variados. No gargalo h\u00e1 uma etiqueta branca redonda com a inscri\u00e7\u00e3o danificada evitando a compreens\u00e3o. Possui uma tampa redonda de EVA marrom, uma base presa com cola quente e varia\u00e7\u00e3o de tons de marrom. Na parte de baixo do vaso, h\u00e1 o entalhe &#8220;414&#8221; direto no vaso e duas marcas n\u00e3o identificadas.<\/p>\n","protected":false},"featured_media":9595,"parent":0,"menu_order":0,"comment_status":"closed","ping_status":"closed","template":"","format":"standard","_links":{"self":[{"href":"https:\/\/museuflorestal.ambiente.sp.gov.br\/acervo\/wp-json\/wp\/v2\/tnc_col_329_item\/9594"}],"collection":[{"href":"https:\/\/museuflorestal.ambiente.sp.gov.br\/acervo\/wp-json\/wp\/v2\/tnc_col_329_item"}],"about":[{"href":"https:\/\/museuflorestal.ambiente.sp.gov.br\/acervo\/wp-json\/wp\/v2\/types\/tnc_col_329_item"}],"replies":[{"embeddable":true,"href":"https:\/\/museuflorestal.ambiente.sp.gov.br\/acervo\/wp-json\/wp\/v2\/comments?post=9594"}],"version-history":[{"count":0,"href":"https:\/\/museuflorestal.ambiente.sp.gov.br\/acervo\/wp-json\/wp\/v2\/tnc_col_329_item\/9594\/revisions"}],"wp:featuredmedia":[{"embeddable":true,"href":"https:\/\/museuflorestal.ambiente.sp.gov.br\/acervo\/wp-json\/wp\/v2\/media\/9595"}],"wp:attachment":[{"href":"https:\/\/museuflorestal.ambiente.sp.gov.br\/acervo\/wp-json\/wp\/v2\/media?parent=9594"}],"curies":[{"name":"wp","href":"https:\/\/api.w.org\/{rel}","templated":true}]}}

Vaso de cerâmica

<p>Vaso de cerâmica com bojo arredondado, terminando em um gargalo e uma borda. Possui desenhos com padrões geométricos variados. No gargalo há uma etiqueta branca redonda com a inscrição danificada evitando a compreensão. Possui uma tampa redonda de EVA marrom, uma base presa com cola quente e variação de tons de marrom. Na parte de baixo do vaso, há o entalhe &#8220;414&#8221; direto no vaso e duas marcas não identificadas.</p>
