{"id":9609,"date":"2021-11-30T20:34:50","date_gmt":"2021-11-30T22:34:50","guid":{"rendered":"https:\/\/museuflorestal.ambiente.sp.gov.br\/acervo\/?post_type=tnc_col_329_item&#038;p=9609"},"modified":"2021-11-30T20:34:51","modified_gmt":"2021-11-30T22:34:51","slug":"cranio-de-anta","status":"publish","type":"tnc_col_329_item","link":"https:\/\/museuflorestal.ambiente.sp.gov.br\/acervo\/museu-florestal-octavio-vecchi\/cranio-de-anta\/","title":{"rendered":"Cr\u00e2nio de anta"},"content":{"rendered":"<p>Cr\u00e2nio alongado com cavidade na \u00e1rea dos olhos, uma cavidade central acima de onde seria a mand\u00edbula superior, com dezesseis dentes. A mand\u00edbula inferior possui quinze dentes e est\u00e1 solta.<\/p>\n","protected":false},"featured_media":9612,"parent":0,"menu_order":0,"comment_status":"closed","ping_status":"closed","template":"","format":"standard","_links":{"self":[{"href":"https:\/\/museuflorestal.ambiente.sp.gov.br\/acervo\/wp-json\/wp\/v2\/tnc_col_329_item\/9609"}],"collection":[{"href":"https:\/\/museuflorestal.ambiente.sp.gov.br\/acervo\/wp-json\/wp\/v2\/tnc_col_329_item"}],"about":[{"href":"https:\/\/museuflorestal.ambiente.sp.gov.br\/acervo\/wp-json\/wp\/v2\/types\/tnc_col_329_item"}],"replies":[{"embeddable":true,"href":"https:\/\/museuflorestal.ambiente.sp.gov.br\/acervo\/wp-json\/wp\/v2\/comments?post=9609"}],"version-history":[{"count":0,"href":"https:\/\/museuflorestal.ambiente.sp.gov.br\/acervo\/wp-json\/wp\/v2\/tnc_col_329_item\/9609\/revisions"}],"wp:featuredmedia":[{"embeddable":true,"href":"https:\/\/museuflorestal.ambiente.sp.gov.br\/acervo\/wp-json\/wp\/v2\/media\/9612"}],"wp:attachment":[{"href":"https:\/\/museuflorestal.ambiente.sp.gov.br\/acervo\/wp-json\/wp\/v2\/media?parent=9609"}],"curies":[{"name":"wp","href":"https:\/\/api.w.org\/{rel}","templated":true}]}}

Crânio de anta

<p>Crânio alongado com cavidade na área dos olhos, uma cavidade central acima de onde seria a mandíbula superior, com dezesseis dentes. A mandíbula inferior possui quinze dentes e está solta.</p>
