{"id":9625,"date":"2021-11-30T20:34:53","date_gmt":"2021-11-30T22:34:53","guid":{"rendered":"https:\/\/museuflorestal.ambiente.sp.gov.br\/acervo\/?post_type=tnc_col_329_item&#038;p=9625"},"modified":"2021-11-30T20:34:54","modified_gmt":"2021-11-30T22:34:54","slug":"oleo-de-copaiba","status":"publish","type":"tnc_col_329_item","link":"https:\/\/museuflorestal.ambiente.sp.gov.br\/acervo\/museu-florestal-octavio-vecchi\/oleo-de-copaiba\/","title":{"rendered":"\u00d3leo-de-copa\u00edba"},"content":{"rendered":"<p>Cilindro de vidro com afunilamento na base, parte superior arredondada e rolha no fundo. Possui base redonda sobre uma base retangular de madeira. No interior h\u00e1 resina de colora\u00e7\u00e3o marrom. Colado no vidro h\u00e1 uma etiqueta com a inscri\u00e7\u00e3o &#8220;\u00d3leo-de-copa\u00edba (Nome popular), Coipafera sp (Nome cient\u00edfico), Leguminosae &#8211; Caesalpinoideae (Fam\u00edlia)&#8221;. Na parte posterior da base de madeira, h\u00e1 a inscri\u00e7\u00e3o &#8220;Oleo de copaiba&#8221; e a inscri\u00e7\u00e3o \u00e0 caneta &#8220;MTVD-15&#8221;.<\/p>\n","protected":false},"featured_media":9627,"parent":0,"menu_order":0,"comment_status":"closed","ping_status":"closed","template":"","format":"standard","_links":{"self":[{"href":"https:\/\/museuflorestal.ambiente.sp.gov.br\/acervo\/wp-json\/wp\/v2\/tnc_col_329_item\/9625"}],"collection":[{"href":"https:\/\/museuflorestal.ambiente.sp.gov.br\/acervo\/wp-json\/wp\/v2\/tnc_col_329_item"}],"about":[{"href":"https:\/\/museuflorestal.ambiente.sp.gov.br\/acervo\/wp-json\/wp\/v2\/types\/tnc_col_329_item"}],"replies":[{"embeddable":true,"href":"https:\/\/museuflorestal.ambiente.sp.gov.br\/acervo\/wp-json\/wp\/v2\/comments?post=9625"}],"version-history":[{"count":0,"href":"https:\/\/museuflorestal.ambiente.sp.gov.br\/acervo\/wp-json\/wp\/v2\/tnc_col_329_item\/9625\/revisions"}],"wp:featuredmedia":[{"embeddable":true,"href":"https:\/\/museuflorestal.ambiente.sp.gov.br\/acervo\/wp-json\/wp\/v2\/media\/9627"}],"wp:attachment":[{"href":"https:\/\/museuflorestal.ambiente.sp.gov.br\/acervo\/wp-json\/wp\/v2\/media?parent=9625"}],"curies":[{"name":"wp","href":"https:\/\/api.w.org\/{rel}","templated":true}]}}

Óleo-de-copaíba

<p>Cilindro de vidro com afunilamento na base, parte superior arredondada e rolha no fundo. Possui base redonda sobre uma base retangular de madeira. No interior há resina de coloração marrom. Colado no vidro há uma etiqueta com a inscrição &#8220;Óleo-de-copaíba (Nome popular), Coipafera sp (Nome científico), Leguminosae &#8211; Caesalpinoideae (Família)&#8221;. Na parte posterior da base de madeira, há a inscrição &#8220;Oleo de copaiba&#8221; e a inscrição à caneta &#8220;MTVD-15&#8221;.</p>
