{"id":9646,"date":"2021-11-30T20:35:04","date_gmt":"2021-11-30T22:35:04","guid":{"rendered":"https:\/\/museuflorestal.ambiente.sp.gov.br\/acervo\/?post_type=tnc_col_329_item&#038;p=9646"},"modified":"2021-11-30T20:35:06","modified_gmt":"2021-11-30T22:35:06","slug":"amostra-de-resina-nao-identificada","status":"publish","type":"tnc_col_329_item","link":"https:\/\/museuflorestal.ambiente.sp.gov.br\/acervo\/museu-florestal-octavio-vecchi\/amostra-de-resina-nao-identificada\/","title":{"rendered":"Amostra de resina n\u00e3o identificada"},"content":{"rendered":"<p>Cilindro de vidro com gargalo afunilado, tampa redonda e rolha. No interior, resina viscosa bege e branca. Na parte superior da tampa h\u00e1 uma etiqueta com a inscri\u00e7\u00e3o &#8220;MTVD20&#8221; a l\u00e1pis.<\/p>\n","protected":false},"featured_media":9647,"parent":0,"menu_order":0,"comment_status":"closed","ping_status":"closed","template":"","format":"standard","_links":{"self":[{"href":"https:\/\/museuflorestal.ambiente.sp.gov.br\/acervo\/wp-json\/wp\/v2\/tnc_col_329_item\/9646"}],"collection":[{"href":"https:\/\/museuflorestal.ambiente.sp.gov.br\/acervo\/wp-json\/wp\/v2\/tnc_col_329_item"}],"about":[{"href":"https:\/\/museuflorestal.ambiente.sp.gov.br\/acervo\/wp-json\/wp\/v2\/types\/tnc_col_329_item"}],"replies":[{"embeddable":true,"href":"https:\/\/museuflorestal.ambiente.sp.gov.br\/acervo\/wp-json\/wp\/v2\/comments?post=9646"}],"version-history":[{"count":0,"href":"https:\/\/museuflorestal.ambiente.sp.gov.br\/acervo\/wp-json\/wp\/v2\/tnc_col_329_item\/9646\/revisions"}],"wp:featuredmedia":[{"embeddable":true,"href":"https:\/\/museuflorestal.ambiente.sp.gov.br\/acervo\/wp-json\/wp\/v2\/media\/9647"}],"wp:attachment":[{"href":"https:\/\/museuflorestal.ambiente.sp.gov.br\/acervo\/wp-json\/wp\/v2\/media?parent=9646"}],"curies":[{"name":"wp","href":"https:\/\/api.w.org\/{rel}","templated":true}]}}

Amostra de resina não identificada

<p>Cilindro de vidro com gargalo afunilado, tampa redonda e rolha. No interior, resina viscosa bege e branca. Na parte superior da tampa há uma etiqueta com a inscrição &#8220;MTVD20&#8221; a lápis.</p>
