{"id":9650,"date":"2021-11-30T20:35:11","date_gmt":"2021-11-30T22:35:11","guid":{"rendered":"https:\/\/museuflorestal.ambiente.sp.gov.br\/acervo\/?post_type=tnc_col_329_item&#038;p=9650"},"modified":"2021-11-30T20:35:14","modified_gmt":"2021-11-30T22:35:14","slug":"amostra-de-aedes-aegypti","status":"publish","type":"tnc_col_329_item","link":"https:\/\/museuflorestal.ambiente.sp.gov.br\/acervo\/museu-florestal-octavio-vecchi\/amostra-de-aedes-aegypti\/","title":{"rendered":"Amostra de Aedes aegypti"},"content":{"rendered":"<p>Cilindro de vidro com tampa de borracha. No interior, amostra de mosquito junto a um papel preso por alfinete com a inscri\u00e7\u00e3o &#8220;Aedes aegypti&#8221;. No corpo h\u00e1 uma etiqueta com a inscri\u00e7\u00e3o &#8220;Aedes aegypti&#8221;. No fundo do frasco, em alto relevo, h\u00e1 a inscri\u00e7\u00e3o &#8220;W52&#8221;.<\/p>\n","protected":false},"featured_media":9653,"parent":0,"menu_order":0,"comment_status":"closed","ping_status":"closed","template":"","format":"standard","_links":{"self":[{"href":"https:\/\/museuflorestal.ambiente.sp.gov.br\/acervo\/wp-json\/wp\/v2\/tnc_col_329_item\/9650"}],"collection":[{"href":"https:\/\/museuflorestal.ambiente.sp.gov.br\/acervo\/wp-json\/wp\/v2\/tnc_col_329_item"}],"about":[{"href":"https:\/\/museuflorestal.ambiente.sp.gov.br\/acervo\/wp-json\/wp\/v2\/types\/tnc_col_329_item"}],"replies":[{"embeddable":true,"href":"https:\/\/museuflorestal.ambiente.sp.gov.br\/acervo\/wp-json\/wp\/v2\/comments?post=9650"}],"version-history":[{"count":0,"href":"https:\/\/museuflorestal.ambiente.sp.gov.br\/acervo\/wp-json\/wp\/v2\/tnc_col_329_item\/9650\/revisions"}],"wp:featuredmedia":[{"embeddable":true,"href":"https:\/\/museuflorestal.ambiente.sp.gov.br\/acervo\/wp-json\/wp\/v2\/media\/9653"}],"wp:attachment":[{"href":"https:\/\/museuflorestal.ambiente.sp.gov.br\/acervo\/wp-json\/wp\/v2\/media?parent=9650"}],"curies":[{"name":"wp","href":"https:\/\/api.w.org\/{rel}","templated":true}]}}

<p>Cilindro de vidro com tampa de borracha. No interior, amostra de mosquito junto a um papel preso por alfinete com a inscrição &#8220;Aedes aegypti&#8221;. No corpo há uma etiqueta com a inscrição &#8220;Aedes aegypti&#8221;. No fundo do frasco, em alto relevo, há a inscrição &#8220;W52&#8221;.</p>
