{"id":9656,"date":"2021-11-30T20:35:18","date_gmt":"2021-11-30T22:35:18","guid":{"rendered":"https:\/\/museuflorestal.ambiente.sp.gov.br\/acervo\/?post_type=tnc_col_329_item&#038;p=9656"},"modified":"2021-11-30T20:35:22","modified_gmt":"2021-11-30T22:35:22","slug":"amostra-de-pau-brasil-2","status":"publish","type":"tnc_col_329_item","link":"https:\/\/museuflorestal.ambiente.sp.gov.br\/acervo\/museu-florestal-octavio-vecchi\/amostra-de-pau-brasil-2\/","title":{"rendered":"Amostra de pau-brasil"},"content":{"rendered":"<p>Cilindro de vidro com gargalo afunilado e rolha. No interior, resqu\u00edcios de resina de cor marrom. No corpo h\u00e1 uma etiqueta com a inscri\u00e7\u00e3o &#8220;Pau-brasil (Nome popular), Caesalpinia echinata Lam. (Nome cient\u00edfico), Leguminosae- Caesalpinoideae (Fam\u00edlia)&#8221;. No topo da rolha, h\u00e1 uma etiqueta com a inscri\u00e7\u00e3o a l\u00e1pis &#8220;MTVD-21&#8221;. No fundo do vidro, em alto relevo, h\u00e1 a inscri\u00e7\u00e3o &#8220;VA26&#8221;.<\/p>\n","protected":false},"featured_media":9658,"parent":0,"menu_order":0,"comment_status":"closed","ping_status":"closed","template":"","format":"standard","_links":{"self":[{"href":"https:\/\/museuflorestal.ambiente.sp.gov.br\/acervo\/wp-json\/wp\/v2\/tnc_col_329_item\/9656"}],"collection":[{"href":"https:\/\/museuflorestal.ambiente.sp.gov.br\/acervo\/wp-json\/wp\/v2\/tnc_col_329_item"}],"about":[{"href":"https:\/\/museuflorestal.ambiente.sp.gov.br\/acervo\/wp-json\/wp\/v2\/types\/tnc_col_329_item"}],"replies":[{"embeddable":true,"href":"https:\/\/museuflorestal.ambiente.sp.gov.br\/acervo\/wp-json\/wp\/v2\/comments?post=9656"}],"version-history":[{"count":0,"href":"https:\/\/museuflorestal.ambiente.sp.gov.br\/acervo\/wp-json\/wp\/v2\/tnc_col_329_item\/9656\/revisions"}],"wp:featuredmedia":[{"embeddable":true,"href":"https:\/\/museuflorestal.ambiente.sp.gov.br\/acervo\/wp-json\/wp\/v2\/media\/9658"}],"wp:attachment":[{"href":"https:\/\/museuflorestal.ambiente.sp.gov.br\/acervo\/wp-json\/wp\/v2\/media?parent=9656"}],"curies":[{"name":"wp","href":"https:\/\/api.w.org\/{rel}","templated":true}]}}

<p>Cilindro de vidro com gargalo afunilado e rolha. No interior, resquícios de resina de cor marrom. No corpo há uma etiqueta com a inscrição &#8220;Pau-brasil (Nome popular), Caesalpinia echinata Lam. (Nome científico), Leguminosae- Caesalpinoideae (Família)&#8221;. No topo da rolha, há uma etiqueta com a inscrição a lápis &#8220;MTVD-21&#8221;. No fundo do vidro, em alto relevo, há a inscrição &#8220;VA26&#8221;.</p>
