{"id":9662,"date":"2021-11-30T20:35:29","date_gmt":"2021-11-30T22:35:29","guid":{"rendered":"https:\/\/museuflorestal.ambiente.sp.gov.br\/acervo\/?post_type=tnc_col_329_item&#038;p=9662"},"modified":"2021-11-30T20:35:32","modified_gmt":"2021-11-30T22:35:32","slug":"amostra-de-oleo-de-pequi","status":"publish","type":"tnc_col_329_item","link":"https:\/\/museuflorestal.ambiente.sp.gov.br\/acervo\/museu-florestal-octavio-vecchi\/amostra-de-oleo-de-pequi\/","title":{"rendered":"Amostra de \u00f3leo-de-pequi"},"content":{"rendered":"<p>Cilindro de vidro com gargalo afunilado e rolha. No interior, resina branca. No corpo h\u00e1 uma etiqueta com a inscri\u00e7\u00e3o &#8220;\u00d3leo-de-pequi (Nome popular), Caryocar brasiliensis Camb. (Nome cient\u00edfico), Caryocaraceae (Fam\u00edlia)&#8221;. Na parte posterior do frasco, h\u00e1 a inscri\u00e7\u00e3o \u00e0 caneta azul &#8220;MTVD-21&#8221;.<\/p>\n","protected":false},"featured_media":9663,"parent":0,"menu_order":0,"comment_status":"closed","ping_status":"closed","template":"","format":"standard","_links":{"self":[{"href":"https:\/\/museuflorestal.ambiente.sp.gov.br\/acervo\/wp-json\/wp\/v2\/tnc_col_329_item\/9662"}],"collection":[{"href":"https:\/\/museuflorestal.ambiente.sp.gov.br\/acervo\/wp-json\/wp\/v2\/tnc_col_329_item"}],"about":[{"href":"https:\/\/museuflorestal.ambiente.sp.gov.br\/acervo\/wp-json\/wp\/v2\/types\/tnc_col_329_item"}],"replies":[{"embeddable":true,"href":"https:\/\/museuflorestal.ambiente.sp.gov.br\/acervo\/wp-json\/wp\/v2\/comments?post=9662"}],"version-history":[{"count":0,"href":"https:\/\/museuflorestal.ambiente.sp.gov.br\/acervo\/wp-json\/wp\/v2\/tnc_col_329_item\/9662\/revisions"}],"wp:featuredmedia":[{"embeddable":true,"href":"https:\/\/museuflorestal.ambiente.sp.gov.br\/acervo\/wp-json\/wp\/v2\/media\/9663"}],"wp:attachment":[{"href":"https:\/\/museuflorestal.ambiente.sp.gov.br\/acervo\/wp-json\/wp\/v2\/media?parent=9662"}],"curies":[{"name":"wp","href":"https:\/\/api.w.org\/{rel}","templated":true}]}}

Amostra de óleo-de-pequi

<p>Cilindro de vidro com gargalo afunilado e rolha. No interior, resina branca. No corpo há uma etiqueta com a inscrição &#8220;Óleo-de-pequi (Nome popular), Caryocar brasiliensis Camb. (Nome científico), Caryocaraceae (Família)&#8221;. Na parte posterior do frasco, há a inscrição à caneta azul &#8220;MTVD-21&#8221;.</p>
