{"id":9704,"date":"2021-11-30T20:36:48","date_gmt":"2021-11-30T22:36:48","guid":{"rendered":"https:\/\/museuflorestal.ambiente.sp.gov.br\/acervo\/?post_type=tnc_col_329_item&#038;p=9704"},"modified":"2021-11-30T20:36:51","modified_gmt":"2021-11-30T22:36:51","slug":"resina-de-carvalho-nacional","status":"publish","type":"tnc_col_329_item","link":"https:\/\/museuflorestal.ambiente.sp.gov.br\/acervo\/museu-florestal-octavio-vecchi\/resina-de-carvalho-nacional\/","title":{"rendered":"Resina de carvalho-nacional"},"content":{"rendered":"<p>Cilindro de vidro com gargalo afunilado, rolha e tampa. No interior, resina de cor \u00e2mbar e branca na parte de baixo. No corpo h\u00e1 uma etiqueta com a inscri\u00e7\u00e3o &#8220;Carvalho-nacional (Nome popular), Euplassa cantareiras Vell. (Nome cient\u00edfico), Euphorbiaceae (Fam\u00edlia)&#8221;.<\/p>\n","protected":false},"featured_media":9705,"parent":0,"menu_order":0,"comment_status":"closed","ping_status":"closed","template":"","format":"standard","_links":{"self":[{"href":"https:\/\/museuflorestal.ambiente.sp.gov.br\/acervo\/wp-json\/wp\/v2\/tnc_col_329_item\/9704"}],"collection":[{"href":"https:\/\/museuflorestal.ambiente.sp.gov.br\/acervo\/wp-json\/wp\/v2\/tnc_col_329_item"}],"about":[{"href":"https:\/\/museuflorestal.ambiente.sp.gov.br\/acervo\/wp-json\/wp\/v2\/types\/tnc_col_329_item"}],"replies":[{"embeddable":true,"href":"https:\/\/museuflorestal.ambiente.sp.gov.br\/acervo\/wp-json\/wp\/v2\/comments?post=9704"}],"version-history":[{"count":0,"href":"https:\/\/museuflorestal.ambiente.sp.gov.br\/acervo\/wp-json\/wp\/v2\/tnc_col_329_item\/9704\/revisions"}],"wp:featuredmedia":[{"embeddable":true,"href":"https:\/\/museuflorestal.ambiente.sp.gov.br\/acervo\/wp-json\/wp\/v2\/media\/9705"}],"wp:attachment":[{"href":"https:\/\/museuflorestal.ambiente.sp.gov.br\/acervo\/wp-json\/wp\/v2\/media?parent=9704"}],"curies":[{"name":"wp","href":"https:\/\/api.w.org\/{rel}","templated":true}]}}

<p>Cilindro de vidro com gargalo afunilado, rolha e tampa. No interior, resina de cor âmbar e branca na parte de baixo. No corpo há uma etiqueta com a inscrição &#8220;Carvalho-nacional (Nome popular), Euplassa cantareiras Vell. (Nome científico), Euphorbiaceae (Família)&#8221;.</p>
