{"id":9714,"date":"2021-11-30T20:37:07","date_gmt":"2021-11-30T22:37:07","guid":{"rendered":"https:\/\/museuflorestal.ambiente.sp.gov.br\/acervo\/?post_type=tnc_col_329_item&#038;p=9714"},"modified":"2021-11-30T20:37:10","modified_gmt":"2021-11-30T22:37:10","slug":"resina-de-nogueira-do-litoral","status":"publish","type":"tnc_col_329_item","link":"https:\/\/museuflorestal.ambiente.sp.gov.br\/acervo\/museu-florestal-octavio-vecchi\/resina-de-nogueira-do-litoral\/","title":{"rendered":"Resina de nogueira-do-litoral"},"content":{"rendered":"<p>Cilindro de vidro com gargalo afunilado, rolha e tampa. No interior, resina na cor bege, No corpo h\u00e1 uma etiqueta com a inscri\u00e7\u00e3o &#8220;Nogueira do litoral (Nome popular), Allurites sp (Nome cient\u00edfico),Euphorbiaceae (Fam\u00edlia)&#8221;. Na parte posterior do frasco h\u00e1 uma etiqueta com a inscri\u00e7\u00e3o &#8220;Allurites&#8221;.<\/p>\n","protected":false},"featured_media":9715,"parent":0,"menu_order":0,"comment_status":"closed","ping_status":"closed","template":"","format":"standard","_links":{"self":[{"href":"https:\/\/museuflorestal.ambiente.sp.gov.br\/acervo\/wp-json\/wp\/v2\/tnc_col_329_item\/9714"}],"collection":[{"href":"https:\/\/museuflorestal.ambiente.sp.gov.br\/acervo\/wp-json\/wp\/v2\/tnc_col_329_item"}],"about":[{"href":"https:\/\/museuflorestal.ambiente.sp.gov.br\/acervo\/wp-json\/wp\/v2\/types\/tnc_col_329_item"}],"replies":[{"embeddable":true,"href":"https:\/\/museuflorestal.ambiente.sp.gov.br\/acervo\/wp-json\/wp\/v2\/comments?post=9714"}],"version-history":[{"count":0,"href":"https:\/\/museuflorestal.ambiente.sp.gov.br\/acervo\/wp-json\/wp\/v2\/tnc_col_329_item\/9714\/revisions"}],"wp:featuredmedia":[{"embeddable":true,"href":"https:\/\/museuflorestal.ambiente.sp.gov.br\/acervo\/wp-json\/wp\/v2\/media\/9715"}],"wp:attachment":[{"href":"https:\/\/museuflorestal.ambiente.sp.gov.br\/acervo\/wp-json\/wp\/v2\/media?parent=9714"}],"curies":[{"name":"wp","href":"https:\/\/api.w.org\/{rel}","templated":true}]}}

<p>Cilindro de vidro com gargalo afunilado, rolha e tampa. No interior, resina na cor bege, No corpo há uma etiqueta com a inscrição &#8220;Nogueira do litoral (Nome popular), Allurites sp (Nome científico),Euphorbiaceae (Família)&#8221;. Na parte posterior do frasco há uma etiqueta com a inscrição &#8220;Allurites&#8221;.</p>
