{"id":9725,"date":"2021-11-30T20:37:29","date_gmt":"2021-11-30T22:37:29","guid":{"rendered":"https:\/\/museuflorestal.ambiente.sp.gov.br\/acervo\/?post_type=tnc_col_329_item&#038;p=9725"},"modified":"2021-11-30T20:37:32","modified_gmt":"2021-11-30T22:37:32","slug":"resina-de-anda-assu","status":"publish","type":"tnc_col_329_item","link":"https:\/\/museuflorestal.ambiente.sp.gov.br\/acervo\/museu-florestal-octavio-vecchi\/resina-de-anda-assu\/","title":{"rendered":"Resina de anda-ass\u00fa"},"content":{"rendered":"<p>Cilindro de vidro com gargalo afunilado, rolha e tampa. No interior, resina nas cores bege e branca. No corpo h\u00e1 uma etiqueta com a inscri\u00e7\u00e3o &#8220;Anda-ass\u00fa (Nome popular), Joannesia princeps Vell. (Nome cient\u00edfico),Euphorbiaceae (Fam\u00edlia)&#8221;.<\/p>\n","protected":false},"featured_media":9726,"parent":0,"menu_order":0,"comment_status":"closed","ping_status":"closed","template":"","format":"standard","_links":{"self":[{"href":"https:\/\/museuflorestal.ambiente.sp.gov.br\/acervo\/wp-json\/wp\/v2\/tnc_col_329_item\/9725"}],"collection":[{"href":"https:\/\/museuflorestal.ambiente.sp.gov.br\/acervo\/wp-json\/wp\/v2\/tnc_col_329_item"}],"about":[{"href":"https:\/\/museuflorestal.ambiente.sp.gov.br\/acervo\/wp-json\/wp\/v2\/types\/tnc_col_329_item"}],"replies":[{"embeddable":true,"href":"https:\/\/museuflorestal.ambiente.sp.gov.br\/acervo\/wp-json\/wp\/v2\/comments?post=9725"}],"version-history":[{"count":0,"href":"https:\/\/museuflorestal.ambiente.sp.gov.br\/acervo\/wp-json\/wp\/v2\/tnc_col_329_item\/9725\/revisions"}],"wp:featuredmedia":[{"embeddable":true,"href":"https:\/\/museuflorestal.ambiente.sp.gov.br\/acervo\/wp-json\/wp\/v2\/media\/9726"}],"wp:attachment":[{"href":"https:\/\/museuflorestal.ambiente.sp.gov.br\/acervo\/wp-json\/wp\/v2\/media?parent=9725"}],"curies":[{"name":"wp","href":"https:\/\/api.w.org\/{rel}","templated":true}]}}

Resina de anda-assú

<p>Cilindro de vidro com gargalo afunilado, rolha e tampa. No interior, resina nas cores bege e branca. No corpo há uma etiqueta com a inscrição &#8220;Anda-assú (Nome popular), Joannesia princeps Vell. (Nome científico),Euphorbiaceae (Família)&#8221;.</p>
