{"id":9730,"date":"2021-11-30T20:37:39","date_gmt":"2021-11-30T22:37:39","guid":{"rendered":"https:\/\/museuflorestal.ambiente.sp.gov.br\/acervo\/?post_type=tnc_col_329_item&#038;p=9730"},"modified":"2021-11-30T20:37:42","modified_gmt":"2021-11-30T22:37:42","slug":"amostra-de-resina-nao-identificada-2","status":"publish","type":"tnc_col_329_item","link":"https:\/\/museuflorestal.ambiente.sp.gov.br\/acervo\/museu-florestal-octavio-vecchi\/amostra-de-resina-nao-identificada-2\/","title":{"rendered":"Amostra de resina n\u00e3o identificada"},"content":{"rendered":"<p>Cilindro de vidro com topo arredondado e afunilamento na base. Possui base redonda sobre uma base quadrada de madeira. No interior, resina de cor marrom. No corpo h\u00e1 uma etiqueta com a inscri\u00e7\u00e3o a l\u00e1pis &#8220;MTVD-19&#8221;.<\/p>\n","protected":false},"featured_media":9731,"parent":0,"menu_order":0,"comment_status":"closed","ping_status":"closed","template":"","format":"standard","_links":{"self":[{"href":"https:\/\/museuflorestal.ambiente.sp.gov.br\/acervo\/wp-json\/wp\/v2\/tnc_col_329_item\/9730"}],"collection":[{"href":"https:\/\/museuflorestal.ambiente.sp.gov.br\/acervo\/wp-json\/wp\/v2\/tnc_col_329_item"}],"about":[{"href":"https:\/\/museuflorestal.ambiente.sp.gov.br\/acervo\/wp-json\/wp\/v2\/types\/tnc_col_329_item"}],"replies":[{"embeddable":true,"href":"https:\/\/museuflorestal.ambiente.sp.gov.br\/acervo\/wp-json\/wp\/v2\/comments?post=9730"}],"version-history":[{"count":0,"href":"https:\/\/museuflorestal.ambiente.sp.gov.br\/acervo\/wp-json\/wp\/v2\/tnc_col_329_item\/9730\/revisions"}],"wp:featuredmedia":[{"embeddable":true,"href":"https:\/\/museuflorestal.ambiente.sp.gov.br\/acervo\/wp-json\/wp\/v2\/media\/9731"}],"wp:attachment":[{"href":"https:\/\/museuflorestal.ambiente.sp.gov.br\/acervo\/wp-json\/wp\/v2\/media?parent=9730"}],"curies":[{"name":"wp","href":"https:\/\/api.w.org\/{rel}","templated":true}]}}

Amostra de resina não identificada

<p>Cilindro de vidro com topo arredondado e afunilamento na base. Possui base redonda sobre uma base quadrada de madeira. No interior, resina de cor marrom. No corpo há uma etiqueta com a inscrição a lápis &#8220;MTVD-19&#8221;.</p>
