{"id":9748,"date":"2021-11-30T20:38:13","date_gmt":"2021-11-30T22:38:13","guid":{"rendered":"https:\/\/museuflorestal.ambiente.sp.gov.br\/acervo\/?post_type=tnc_col_329_item&#038;p=9748"},"modified":"2021-11-30T20:38:16","modified_gmt":"2021-11-30T22:38:16","slug":"mostruario-de-vidro-3","status":"publish","type":"tnc_col_329_item","link":"https:\/\/museuflorestal.ambiente.sp.gov.br\/acervo\/museu-florestal-octavio-vecchi\/mostruario-de-vidro-3\/","title":{"rendered":"Mostru\u00e1rio de vidro 3"},"content":{"rendered":"<p>Pote cil\u00edndrico de vidro com gargalo afunilado e tampa com puxador retangular. Na tampa h\u00e1 uma etiqueta com a inscri\u00e7\u00e3o &#8220;MTVD-3&#8221; e as inscri\u00e7\u00f5es em alto relevo &#8220;CCB8&#8221; e &#8220;15&#8221;. No interior, amostras de madeira e dois pap\u00e9is impressos com a inscri\u00e7\u00e3o &#8220;Tronco de pinheiro fragmentado em lascas&#8221;.<\/p>\n","protected":false},"featured_media":9749,"parent":0,"menu_order":0,"comment_status":"closed","ping_status":"closed","template":"","format":"standard","_links":{"self":[{"href":"https:\/\/museuflorestal.ambiente.sp.gov.br\/acervo\/wp-json\/wp\/v2\/tnc_col_329_item\/9748"}],"collection":[{"href":"https:\/\/museuflorestal.ambiente.sp.gov.br\/acervo\/wp-json\/wp\/v2\/tnc_col_329_item"}],"about":[{"href":"https:\/\/museuflorestal.ambiente.sp.gov.br\/acervo\/wp-json\/wp\/v2\/types\/tnc_col_329_item"}],"replies":[{"embeddable":true,"href":"https:\/\/museuflorestal.ambiente.sp.gov.br\/acervo\/wp-json\/wp\/v2\/comments?post=9748"}],"version-history":[{"count":0,"href":"https:\/\/museuflorestal.ambiente.sp.gov.br\/acervo\/wp-json\/wp\/v2\/tnc_col_329_item\/9748\/revisions"}],"wp:featuredmedia":[{"embeddable":true,"href":"https:\/\/museuflorestal.ambiente.sp.gov.br\/acervo\/wp-json\/wp\/v2\/media\/9749"}],"wp:attachment":[{"href":"https:\/\/museuflorestal.ambiente.sp.gov.br\/acervo\/wp-json\/wp\/v2\/media?parent=9748"}],"curies":[{"name":"wp","href":"https:\/\/api.w.org\/{rel}","templated":true}]}}

Mostruário de vidro 3

<p>Pote cilíndrico de vidro com gargalo afunilado e tampa com puxador retangular. Na tampa há uma etiqueta com a inscrição &#8220;MTVD-3&#8221; e as inscrições em alto relevo &#8220;CCB8&#8221; e &#8220;15&#8221;. No interior, amostras de madeira e dois papéis impressos com a inscrição &#8220;Tronco de pinheiro fragmentado em lascas&#8221;.</p>
