{"id":9753,"date":"2021-11-30T20:38:22","date_gmt":"2021-11-30T22:38:22","guid":{"rendered":"https:\/\/museuflorestal.ambiente.sp.gov.br\/acervo\/?post_type=tnc_col_329_item&#038;p=9753"},"modified":"2021-11-30T20:38:26","modified_gmt":"2021-11-30T22:38:26","slug":"mostruario-de-vidro-2","status":"publish","type":"tnc_col_329_item","link":"https:\/\/museuflorestal.ambiente.sp.gov.br\/acervo\/museu-florestal-octavio-vecchi\/mostruario-de-vidro-2\/","title":{"rendered":"Mostru\u00e1rio de vidro 2"},"content":{"rendered":"<p>Pote cil\u00edndrico de vidro com gargalo afunilado e tampa com puxador retangular. Na tampa h\u00e1 uma etiqueta com a inscri\u00e7\u00e3o &#8220;MTVD-2&#8221; e a inscri\u00e7\u00e3o em alto relevo &#8220;CCB8&#8221;. No interior, amostras de celulose e papel impresso com a inscri\u00e7\u00e3o &#8220;Pasta celul\u00f3sica branqueada&#8221;. No fundo do frasco, h\u00e1 a inscri\u00e7\u00e3o \u00e0 caneta azul &#8220;MTVD-2&#8221;.<\/p>\n","protected":false},"featured_media":9754,"parent":0,"menu_order":0,"comment_status":"closed","ping_status":"closed","template":"","format":"standard","_links":{"self":[{"href":"https:\/\/museuflorestal.ambiente.sp.gov.br\/acervo\/wp-json\/wp\/v2\/tnc_col_329_item\/9753"}],"collection":[{"href":"https:\/\/museuflorestal.ambiente.sp.gov.br\/acervo\/wp-json\/wp\/v2\/tnc_col_329_item"}],"about":[{"href":"https:\/\/museuflorestal.ambiente.sp.gov.br\/acervo\/wp-json\/wp\/v2\/types\/tnc_col_329_item"}],"replies":[{"embeddable":true,"href":"https:\/\/museuflorestal.ambiente.sp.gov.br\/acervo\/wp-json\/wp\/v2\/comments?post=9753"}],"version-history":[{"count":0,"href":"https:\/\/museuflorestal.ambiente.sp.gov.br\/acervo\/wp-json\/wp\/v2\/tnc_col_329_item\/9753\/revisions"}],"wp:featuredmedia":[{"embeddable":true,"href":"https:\/\/museuflorestal.ambiente.sp.gov.br\/acervo\/wp-json\/wp\/v2\/media\/9754"}],"wp:attachment":[{"href":"https:\/\/museuflorestal.ambiente.sp.gov.br\/acervo\/wp-json\/wp\/v2\/media?parent=9753"}],"curies":[{"name":"wp","href":"https:\/\/api.w.org\/{rel}","templated":true}]}}

Mostruário de vidro 2

<p>Pote cilíndrico de vidro com gargalo afunilado e tampa com puxador retangular. Na tampa há uma etiqueta com a inscrição &#8220;MTVD-2&#8221; e a inscrição em alto relevo &#8220;CCB8&#8221;. No interior, amostras de celulose e papel impresso com a inscrição &#8220;Pasta celulósica branqueada&#8221;. No fundo do frasco, há a inscrição à caneta azul &#8220;MTVD-2&#8221;.</p>
