{"id":9764,"date":"2021-11-30T20:38:43","date_gmt":"2021-11-30T22:38:43","guid":{"rendered":"https:\/\/museuflorestal.ambiente.sp.gov.br\/acervo\/?post_type=tnc_col_329_item&#038;p=9764"},"modified":"2021-11-30T20:38:46","modified_gmt":"2021-11-30T22:38:46","slug":"mostruario-de-vidro-5","status":"publish","type":"tnc_col_329_item","link":"https:\/\/museuflorestal.ambiente.sp.gov.br\/acervo\/museu-florestal-octavio-vecchi\/mostruario-de-vidro-5\/","title":{"rendered":"Mostru\u00e1rio de vidro 5"},"content":{"rendered":"<p>Pote cil\u00edndrico de vidro com afunilamento no gargalo e tampa redonda. No interior, amostras de frutos e papel impresso com a inscri\u00e7\u00e3o &#8220;Pau de cotia&#8221;. No corpo h\u00e1 uma etiqueta com a inscri\u00e7\u00e3o a l\u00e1pis &#8220;MTVD-5&#8221;. No fundo h\u00e1 a inscri\u00e7\u00e3o \u00e0 caneta azul &#8220;MTVD-5&#8221;.<\/p>\n","protected":false},"featured_media":9765,"parent":0,"menu_order":0,"comment_status":"closed","ping_status":"closed","template":"","format":"standard","_links":{"self":[{"href":"https:\/\/museuflorestal.ambiente.sp.gov.br\/acervo\/wp-json\/wp\/v2\/tnc_col_329_item\/9764"}],"collection":[{"href":"https:\/\/museuflorestal.ambiente.sp.gov.br\/acervo\/wp-json\/wp\/v2\/tnc_col_329_item"}],"about":[{"href":"https:\/\/museuflorestal.ambiente.sp.gov.br\/acervo\/wp-json\/wp\/v2\/types\/tnc_col_329_item"}],"replies":[{"embeddable":true,"href":"https:\/\/museuflorestal.ambiente.sp.gov.br\/acervo\/wp-json\/wp\/v2\/comments?post=9764"}],"version-history":[{"count":0,"href":"https:\/\/museuflorestal.ambiente.sp.gov.br\/acervo\/wp-json\/wp\/v2\/tnc_col_329_item\/9764\/revisions"}],"wp:featuredmedia":[{"embeddable":true,"href":"https:\/\/museuflorestal.ambiente.sp.gov.br\/acervo\/wp-json\/wp\/v2\/media\/9765"}],"wp:attachment":[{"href":"https:\/\/museuflorestal.ambiente.sp.gov.br\/acervo\/wp-json\/wp\/v2\/media?parent=9764"}],"curies":[{"name":"wp","href":"https:\/\/api.w.org\/{rel}","templated":true}]}}

Mostruário de vidro 5

<p>Pote cilíndrico de vidro com afunilamento no gargalo e tampa redonda. No interior, amostras de frutos e papel impresso com a inscrição &#8220;Pau de cotia&#8221;. No corpo há uma etiqueta com a inscrição a lápis &#8220;MTVD-5&#8221;. No fundo há a inscrição à caneta azul &#8220;MTVD-5&#8221;.</p>
