{"id":9773,"date":"2021-11-30T20:39:01","date_gmt":"2021-11-30T22:39:01","guid":{"rendered":"https:\/\/museuflorestal.ambiente.sp.gov.br\/acervo\/?post_type=tnc_col_329_item&#038;p=9773"},"modified":"2021-11-30T20:39:05","modified_gmt":"2021-11-30T22:39:05","slug":"mostruario-de-vidro-8","status":"publish","type":"tnc_col_329_item","link":"https:\/\/museuflorestal.ambiente.sp.gov.br\/acervo\/museu-florestal-octavio-vecchi\/mostruario-de-vidro-8\/","title":{"rendered":"Mostru\u00e1rio de vidro 8"},"content":{"rendered":"<p>Pote cil\u00edndrico de vidro com afunilamento no gargalo e tampa redonda. No interior, amostras de frutos e papel impresso com inscri\u00e7\u00e3o &#8220;pau-ferro&#8221;. No corpo h\u00e1 uma etiqueta com a inscri\u00e7\u00e3o a l\u00e1pis &#8220;MTVD-8&#8221;. No fundo h\u00e1 a inscri\u00e7\u00e3o \u00e0 caneta azul &#8220;MTVD-8&#8221;.<\/p>\n","protected":false},"featured_media":9774,"parent":0,"menu_order":0,"comment_status":"closed","ping_status":"closed","template":"","format":"standard","_links":{"self":[{"href":"https:\/\/museuflorestal.ambiente.sp.gov.br\/acervo\/wp-json\/wp\/v2\/tnc_col_329_item\/9773"}],"collection":[{"href":"https:\/\/museuflorestal.ambiente.sp.gov.br\/acervo\/wp-json\/wp\/v2\/tnc_col_329_item"}],"about":[{"href":"https:\/\/museuflorestal.ambiente.sp.gov.br\/acervo\/wp-json\/wp\/v2\/types\/tnc_col_329_item"}],"replies":[{"embeddable":true,"href":"https:\/\/museuflorestal.ambiente.sp.gov.br\/acervo\/wp-json\/wp\/v2\/comments?post=9773"}],"version-history":[{"count":0,"href":"https:\/\/museuflorestal.ambiente.sp.gov.br\/acervo\/wp-json\/wp\/v2\/tnc_col_329_item\/9773\/revisions"}],"wp:featuredmedia":[{"embeddable":true,"href":"https:\/\/museuflorestal.ambiente.sp.gov.br\/acervo\/wp-json\/wp\/v2\/media\/9774"}],"wp:attachment":[{"href":"https:\/\/museuflorestal.ambiente.sp.gov.br\/acervo\/wp-json\/wp\/v2\/media?parent=9773"}],"curies":[{"name":"wp","href":"https:\/\/api.w.org\/{rel}","templated":true}]}}

Mostruário de vidro 8

<p>Pote cilíndrico de vidro com afunilamento no gargalo e tampa redonda. No interior, amostras de frutos e papel impresso com inscrição &#8220;pau-ferro&#8221;. No corpo há uma etiqueta com a inscrição a lápis &#8220;MTVD-8&#8221;. No fundo há a inscrição à caneta azul &#8220;MTVD-8&#8221;.</p>
