{"id":9783,"date":"2021-11-30T20:39:21","date_gmt":"2021-11-30T22:39:21","guid":{"rendered":"https:\/\/museuflorestal.ambiente.sp.gov.br\/acervo\/?post_type=tnc_col_329_item&#038;p=9783"},"modified":"2021-11-30T20:39:24","modified_gmt":"2021-11-30T22:39:24","slug":"cubo-de-sucupira-vermelha","status":"publish","type":"tnc_col_329_item","link":"https:\/\/museuflorestal.ambiente.sp.gov.br\/acervo\/museu-florestal-octavio-vecchi\/cubo-de-sucupira-vermelha\/","title":{"rendered":"Cubo de sucupira-vermelha"},"content":{"rendered":"<p>Amostra de madeira em formato de paralelep\u00edpedo. Em uma de suas faces h\u00e1 uma etiqueta com a inscri\u00e7\u00e3o &#8220;Sucupira vermelha (Nome popular), Bowdichia virgilioides (Nome cient\u00edfico)&#8221;. Em sua face quadrada h\u00e1 uma etiqueta com a inscri\u00e7\u00e3o &#8220;MT-497&#8221;. Na lateral oposta, h\u00e1 tecido colado.<\/p>\n","protected":false},"featured_media":9784,"parent":0,"menu_order":0,"comment_status":"closed","ping_status":"closed","template":"","format":"standard","_links":{"self":[{"href":"https:\/\/museuflorestal.ambiente.sp.gov.br\/acervo\/wp-json\/wp\/v2\/tnc_col_329_item\/9783"}],"collection":[{"href":"https:\/\/museuflorestal.ambiente.sp.gov.br\/acervo\/wp-json\/wp\/v2\/tnc_col_329_item"}],"about":[{"href":"https:\/\/museuflorestal.ambiente.sp.gov.br\/acervo\/wp-json\/wp\/v2\/types\/tnc_col_329_item"}],"replies":[{"embeddable":true,"href":"https:\/\/museuflorestal.ambiente.sp.gov.br\/acervo\/wp-json\/wp\/v2\/comments?post=9783"}],"version-history":[{"count":0,"href":"https:\/\/museuflorestal.ambiente.sp.gov.br\/acervo\/wp-json\/wp\/v2\/tnc_col_329_item\/9783\/revisions"}],"wp:featuredmedia":[{"embeddable":true,"href":"https:\/\/museuflorestal.ambiente.sp.gov.br\/acervo\/wp-json\/wp\/v2\/media\/9784"}],"wp:attachment":[{"href":"https:\/\/museuflorestal.ambiente.sp.gov.br\/acervo\/wp-json\/wp\/v2\/media?parent=9783"}],"curies":[{"name":"wp","href":"https:\/\/api.w.org\/{rel}","templated":true}]}}

<p>Amostra de madeira em formato de paralelepípedo. Em uma de suas faces há uma etiqueta com a inscrição &#8220;Sucupira vermelha (Nome popular), Bowdichia virgilioides (Nome científico)&#8221;. Em sua face quadrada há uma etiqueta com a inscrição &#8220;MT-497&#8221;. Na lateral oposta, há tecido colado.</p>
