{"id":9789,"date":"2021-11-30T20:39:33","date_gmt":"2021-11-30T22:39:33","guid":{"rendered":"https:\/\/museuflorestal.ambiente.sp.gov.br\/acervo\/?post_type=tnc_col_329_item&#038;p=9789"},"modified":"2021-11-30T20:39:35","modified_gmt":"2021-11-30T22:39:35","slug":"cubo-de-caputuna","status":"publish","type":"tnc_col_329_item","link":"https:\/\/museuflorestal.ambiente.sp.gov.br\/acervo\/museu-florestal-octavio-vecchi\/cubo-de-caputuna\/","title":{"rendered":"Cubo de caputuna"},"content":{"rendered":"<p>Amostra de madeira em formato de cubo. Em uma de suas faces h\u00e1 uma etiqueta com a inscri\u00e7\u00e3o &#8220;Cuputuna, Metrodoria SP&#8221;. Em outra face h\u00e1 a inscri\u00e7\u00e3o &#8220;Caputuna&#8221; a l\u00e1pis. Na lateral superior, etiqueta com inscri\u00e7\u00e3o &#8220;MT-523&#8221;. Na lateral oposta, h\u00e1 tecido colado.<\/p>\n","protected":false},"featured_media":9790,"parent":0,"menu_order":0,"comment_status":"closed","ping_status":"closed","template":"","format":"standard","_links":{"self":[{"href":"https:\/\/museuflorestal.ambiente.sp.gov.br\/acervo\/wp-json\/wp\/v2\/tnc_col_329_item\/9789"}],"collection":[{"href":"https:\/\/museuflorestal.ambiente.sp.gov.br\/acervo\/wp-json\/wp\/v2\/tnc_col_329_item"}],"about":[{"href":"https:\/\/museuflorestal.ambiente.sp.gov.br\/acervo\/wp-json\/wp\/v2\/types\/tnc_col_329_item"}],"replies":[{"embeddable":true,"href":"https:\/\/museuflorestal.ambiente.sp.gov.br\/acervo\/wp-json\/wp\/v2\/comments?post=9789"}],"version-history":[{"count":0,"href":"https:\/\/museuflorestal.ambiente.sp.gov.br\/acervo\/wp-json\/wp\/v2\/tnc_col_329_item\/9789\/revisions"}],"wp:featuredmedia":[{"embeddable":true,"href":"https:\/\/museuflorestal.ambiente.sp.gov.br\/acervo\/wp-json\/wp\/v2\/media\/9790"}],"wp:attachment":[{"href":"https:\/\/museuflorestal.ambiente.sp.gov.br\/acervo\/wp-json\/wp\/v2\/media?parent=9789"}],"curies":[{"name":"wp","href":"https:\/\/api.w.org\/{rel}","templated":true}]}}

<p>Amostra de madeira em formato de cubo. Em uma de suas faces há uma etiqueta com a inscrição &#8220;Cuputuna, Metrodoria SP&#8221;. Em outra face há a inscrição &#8220;Caputuna&#8221; a lápis. Na lateral superior, etiqueta com inscrição &#8220;MT-523&#8221;. Na lateral oposta, há tecido colado.</p>
