{"id":9796,"date":"2021-11-30T20:39:46","date_gmt":"2021-11-30T22:39:46","guid":{"rendered":"https:\/\/museuflorestal.ambiente.sp.gov.br\/acervo\/?post_type=tnc_col_329_item&#038;p=9796"},"modified":"2021-11-30T20:39:48","modified_gmt":"2021-11-30T22:39:48","slug":"cubo-de-caviuna","status":"publish","type":"tnc_col_329_item","link":"https:\/\/museuflorestal.ambiente.sp.gov.br\/acervo\/museu-florestal-octavio-vecchi\/cubo-de-caviuna\/","title":{"rendered":"Cubo de cavi\u00fana"},"content":{"rendered":"<p>Amostra de madeira em formato de cubo. Em uma de suas faces h\u00e1 uma etiqueta com a inscri\u00e7\u00e3o &#8220;Caviuna, Machaerium scleroxylon&#8221;. Em outra face, a inscri\u00e7\u00e3o &#8220;Caviuna&#8221; a l\u00e1pis. Em outra, h\u00e1 a etiqueta com a inscri\u00e7\u00e3o &#8220;MT-522&#8221;,<\/p>\n","protected":false},"featured_media":9797,"parent":0,"menu_order":0,"comment_status":"closed","ping_status":"closed","template":"","format":"standard","_links":{"self":[{"href":"https:\/\/museuflorestal.ambiente.sp.gov.br\/acervo\/wp-json\/wp\/v2\/tnc_col_329_item\/9796"}],"collection":[{"href":"https:\/\/museuflorestal.ambiente.sp.gov.br\/acervo\/wp-json\/wp\/v2\/tnc_col_329_item"}],"about":[{"href":"https:\/\/museuflorestal.ambiente.sp.gov.br\/acervo\/wp-json\/wp\/v2\/types\/tnc_col_329_item"}],"replies":[{"embeddable":true,"href":"https:\/\/museuflorestal.ambiente.sp.gov.br\/acervo\/wp-json\/wp\/v2\/comments?post=9796"}],"version-history":[{"count":0,"href":"https:\/\/museuflorestal.ambiente.sp.gov.br\/acervo\/wp-json\/wp\/v2\/tnc_col_329_item\/9796\/revisions"}],"wp:featuredmedia":[{"embeddable":true,"href":"https:\/\/museuflorestal.ambiente.sp.gov.br\/acervo\/wp-json\/wp\/v2\/media\/9797"}],"wp:attachment":[{"href":"https:\/\/museuflorestal.ambiente.sp.gov.br\/acervo\/wp-json\/wp\/v2\/media?parent=9796"}],"curies":[{"name":"wp","href":"https:\/\/api.w.org\/{rel}","templated":true}]}}

Cubo de caviúna

<p>Amostra de madeira em formato de cubo. Em uma de suas faces há uma etiqueta com a inscrição &#8220;Caviuna, Machaerium scleroxylon&#8221;. Em outra face, a inscrição &#8220;Caviuna&#8221; a lápis. Em outra, há a etiqueta com a inscrição &#8220;MT-522&#8221;,</p>
