{"id":9803,"date":"2021-11-30T20:39:59","date_gmt":"2021-11-30T22:39:59","guid":{"rendered":"https:\/\/museuflorestal.ambiente.sp.gov.br\/acervo\/?post_type=tnc_col_329_item&#038;p=9803"},"modified":"2021-11-30T20:40:01","modified_gmt":"2021-11-30T22:40:01","slug":"cubo-de-piuva-branca","status":"publish","type":"tnc_col_329_item","link":"https:\/\/museuflorestal.ambiente.sp.gov.br\/acervo\/museu-florestal-octavio-vecchi\/cubo-de-piuva-branca\/","title":{"rendered":"Cubo de pi\u00fava-branca"},"content":{"rendered":"<p>Amostra de madeira em formato de cubo. Em uma de suas faces h\u00e1 uma etiqueta com a inscri\u00e7\u00e3o &#8220;Pi\u00fava branca, Tabebuia SP. &#8220;, Em outra face, a inscri\u00e7\u00e3o &#8220;Piuva branca&#8221; a l\u00e1pis. Na lateral superior, h\u00e1 uma etiqueta com a inscri\u00e7\u00e3o &#8220;MT-521&#8221;. Na lateral oposta, h\u00e1 tecido colado.<\/p>\n","protected":false},"featured_media":9804,"parent":0,"menu_order":0,"comment_status":"closed","ping_status":"closed","template":"","format":"standard","_links":{"self":[{"href":"https:\/\/museuflorestal.ambiente.sp.gov.br\/acervo\/wp-json\/wp\/v2\/tnc_col_329_item\/9803"}],"collection":[{"href":"https:\/\/museuflorestal.ambiente.sp.gov.br\/acervo\/wp-json\/wp\/v2\/tnc_col_329_item"}],"about":[{"href":"https:\/\/museuflorestal.ambiente.sp.gov.br\/acervo\/wp-json\/wp\/v2\/types\/tnc_col_329_item"}],"replies":[{"embeddable":true,"href":"https:\/\/museuflorestal.ambiente.sp.gov.br\/acervo\/wp-json\/wp\/v2\/comments?post=9803"}],"version-history":[{"count":0,"href":"https:\/\/museuflorestal.ambiente.sp.gov.br\/acervo\/wp-json\/wp\/v2\/tnc_col_329_item\/9803\/revisions"}],"wp:featuredmedia":[{"embeddable":true,"href":"https:\/\/museuflorestal.ambiente.sp.gov.br\/acervo\/wp-json\/wp\/v2\/media\/9804"}],"wp:attachment":[{"href":"https:\/\/museuflorestal.ambiente.sp.gov.br\/acervo\/wp-json\/wp\/v2\/media?parent=9803"}],"curies":[{"name":"wp","href":"https:\/\/api.w.org\/{rel}","templated":true}]}}

Cubo de piúva-branca

<p>Amostra de madeira em formato de cubo. Em uma de suas faces há uma etiqueta com a inscrição &#8220;Piúva branca, Tabebuia SP. &#8220;, Em outra face, a inscrição &#8220;Piuva branca&#8221; a lápis. Na lateral superior, há uma etiqueta com a inscrição &#8220;MT-521&#8221;. Na lateral oposta, há tecido colado.</p>
