{"id":9810,"date":"2021-11-30T20:40:12","date_gmt":"2021-11-30T22:40:12","guid":{"rendered":"https:\/\/museuflorestal.ambiente.sp.gov.br\/acervo\/?post_type=tnc_col_329_item&#038;p=9810"},"modified":"2021-11-30T20:40:17","modified_gmt":"2021-11-30T22:40:17","slug":"cubo-de-canela-amarela","status":"publish","type":"tnc_col_329_item","link":"https:\/\/museuflorestal.ambiente.sp.gov.br\/acervo\/museu-florestal-octavio-vecchi\/cubo-de-canela-amarela\/","title":{"rendered":"Cubo de canela-amarela"},"content":{"rendered":"<p>Amostra de madeira em formato de cubo. Em uma de suas faces h\u00e1 uma etiqueta com a inscri\u00e7\u00e3o &#8220;Canela amarela, Nectandra Leucantha. &#8220;, e outra etiqueta com a inscri\u00e7\u00e3o &#8220;MT-520&#8221; \u00e0 caneta azul. Em outra face h\u00e1 a inscri\u00e7\u00e3o &#8220;Canela amarela&#8221; a l\u00e1pis.<\/p>\n","protected":false},"featured_media":9811,"parent":0,"menu_order":0,"comment_status":"closed","ping_status":"closed","template":"","format":"standard","_links":{"self":[{"href":"https:\/\/museuflorestal.ambiente.sp.gov.br\/acervo\/wp-json\/wp\/v2\/tnc_col_329_item\/9810"}],"collection":[{"href":"https:\/\/museuflorestal.ambiente.sp.gov.br\/acervo\/wp-json\/wp\/v2\/tnc_col_329_item"}],"about":[{"href":"https:\/\/museuflorestal.ambiente.sp.gov.br\/acervo\/wp-json\/wp\/v2\/types\/tnc_col_329_item"}],"replies":[{"embeddable":true,"href":"https:\/\/museuflorestal.ambiente.sp.gov.br\/acervo\/wp-json\/wp\/v2\/comments?post=9810"}],"version-history":[{"count":0,"href":"https:\/\/museuflorestal.ambiente.sp.gov.br\/acervo\/wp-json\/wp\/v2\/tnc_col_329_item\/9810\/revisions"}],"wp:featuredmedia":[{"embeddable":true,"href":"https:\/\/museuflorestal.ambiente.sp.gov.br\/acervo\/wp-json\/wp\/v2\/media\/9811"}],"wp:attachment":[{"href":"https:\/\/museuflorestal.ambiente.sp.gov.br\/acervo\/wp-json\/wp\/v2\/media?parent=9810"}],"curies":[{"name":"wp","href":"https:\/\/api.w.org\/{rel}","templated":true}]}}

<p>Amostra de madeira em formato de cubo. Em uma de suas faces há uma etiqueta com a inscrição &#8220;Canela amarela, Nectandra Leucantha. &#8220;, e outra etiqueta com a inscrição &#8220;MT-520&#8221; à caneta azul. Em outra face há a inscrição &#8220;Canela amarela&#8221; a lápis.</p>
