{"id":9851,"date":"2021-11-30T20:41:32","date_gmt":"2021-11-30T22:41:32","guid":{"rendered":"https:\/\/museuflorestal.ambiente.sp.gov.br\/acervo\/?post_type=tnc_col_329_item&#038;p=9851"},"modified":"2021-11-30T20:41:35","modified_gmt":"2021-11-30T22:41:35","slug":"cubo-de-jacatirao","status":"publish","type":"tnc_col_329_item","link":"https:\/\/museuflorestal.ambiente.sp.gov.br\/acervo\/museu-florestal-octavio-vecchi\/cubo-de-jacatirao\/","title":{"rendered":"Cubo de jacatir\u00e3o"},"content":{"rendered":"<p>Amostra de madeira em formato de cubo. Em uma de suas faces h\u00e1 uma etiqueta com a inscri\u00e7\u00e3o &#8220;Jacatir\u00e3o, Miconia&#8221;. Em outra face h\u00e1 a inscri\u00e7\u00e3o &#8220;Guatir\u00e3o&#8221; a l\u00e1pis. Na lateral superior, h\u00e1 uma etiqueta com a inscri\u00e7\u00e3o &#8220;MT-528B&#8221;. Na lateral oposta, h\u00e1 tecido colado.<\/p>\n","protected":false},"featured_media":9852,"parent":0,"menu_order":0,"comment_status":"closed","ping_status":"closed","template":"","format":"standard","_links":{"self":[{"href":"https:\/\/museuflorestal.ambiente.sp.gov.br\/acervo\/wp-json\/wp\/v2\/tnc_col_329_item\/9851"}],"collection":[{"href":"https:\/\/museuflorestal.ambiente.sp.gov.br\/acervo\/wp-json\/wp\/v2\/tnc_col_329_item"}],"about":[{"href":"https:\/\/museuflorestal.ambiente.sp.gov.br\/acervo\/wp-json\/wp\/v2\/types\/tnc_col_329_item"}],"replies":[{"embeddable":true,"href":"https:\/\/museuflorestal.ambiente.sp.gov.br\/acervo\/wp-json\/wp\/v2\/comments?post=9851"}],"version-history":[{"count":0,"href":"https:\/\/museuflorestal.ambiente.sp.gov.br\/acervo\/wp-json\/wp\/v2\/tnc_col_329_item\/9851\/revisions"}],"wp:featuredmedia":[{"embeddable":true,"href":"https:\/\/museuflorestal.ambiente.sp.gov.br\/acervo\/wp-json\/wp\/v2\/media\/9852"}],"wp:attachment":[{"href":"https:\/\/museuflorestal.ambiente.sp.gov.br\/acervo\/wp-json\/wp\/v2\/media?parent=9851"}],"curies":[{"name":"wp","href":"https:\/\/api.w.org\/{rel}","templated":true}]}}

Cubo de jacatirão

<p>Amostra de madeira em formato de cubo. Em uma de suas faces há uma etiqueta com a inscrição &#8220;Jacatirão, Miconia&#8221;. Em outra face há a inscrição &#8220;Guatirão&#8221; a lápis. Na lateral superior, há uma etiqueta com a inscrição &#8220;MT-528B&#8221;. Na lateral oposta, há tecido colado.</p>
