{"id":9858,"date":"2021-11-30T20:41:45","date_gmt":"2021-11-30T22:41:45","guid":{"rendered":"https:\/\/museuflorestal.ambiente.sp.gov.br\/acervo\/?post_type=tnc_col_329_item&#038;p=9858"},"modified":"2021-11-30T20:41:48","modified_gmt":"2021-11-30T22:41:48","slug":"quadro-de-amostras-de-madeira","status":"publish","type":"tnc_col_329_item","link":"https:\/\/museuflorestal.ambiente.sp.gov.br\/acervo\/museu-florestal-octavio-vecchi\/quadro-de-amostras-de-madeira\/","title":{"rendered":"Quadro de amostras de madeira"},"content":{"rendered":"<p>Quadro retangular de madeira, com furo na parte superior. Possui vinte e cinco amostras retangulares de diversas madeiras. Algumas possuem identifica\u00e7\u00e3o a l\u00e1pis em uma das laterais, sendo elas &#8220;peroba, ip\u00ea amarelo, caviuna, sucupira amarela, cedro, pau-ferro, pinho, jacarand\u00e1 da bahia, carne de vaca, oleo de copaiba, cangerana, tamboril, pau-marfim&#8221;, respectivamente. Em uma das amostras h\u00e1 a inscri\u00e7\u00e3o a l\u00e1pis &#8220;41, 25&#8221;, na parte superior, na quarta linha da quinta coluna.<\/p>\n","protected":false},"featured_media":9859,"parent":0,"menu_order":0,"comment_status":"closed","ping_status":"closed","template":"","format":"standard","_links":{"self":[{"href":"https:\/\/museuflorestal.ambiente.sp.gov.br\/acervo\/wp-json\/wp\/v2\/tnc_col_329_item\/9858"}],"collection":[{"href":"https:\/\/museuflorestal.ambiente.sp.gov.br\/acervo\/wp-json\/wp\/v2\/tnc_col_329_item"}],"about":[{"href":"https:\/\/museuflorestal.ambiente.sp.gov.br\/acervo\/wp-json\/wp\/v2\/types\/tnc_col_329_item"}],"replies":[{"embeddable":true,"href":"https:\/\/museuflorestal.ambiente.sp.gov.br\/acervo\/wp-json\/wp\/v2\/comments?post=9858"}],"version-history":[{"count":0,"href":"https:\/\/museuflorestal.ambiente.sp.gov.br\/acervo\/wp-json\/wp\/v2\/tnc_col_329_item\/9858\/revisions"}],"wp:featuredmedia":[{"embeddable":true,"href":"https:\/\/museuflorestal.ambiente.sp.gov.br\/acervo\/wp-json\/wp\/v2\/media\/9859"}],"wp:attachment":[{"href":"https:\/\/museuflorestal.ambiente.sp.gov.br\/acervo\/wp-json\/wp\/v2\/media?parent=9858"}],"curies":[{"name":"wp","href":"https:\/\/api.w.org\/{rel}","templated":true}]}}

<p>Quadro retangular de madeira, com furo na parte superior. Possui vinte e cinco amostras retangulares de diversas madeiras. Algumas possuem identificação a lápis em uma das laterais, sendo elas &#8220;peroba, ipê amarelo, caviuna, sucupira amarela, cedro, pau-ferro, pinho, jacarandá da bahia, carne de vaca, oleo de copaiba, cangerana, tamboril, pau-marfim&#8221;, respectivamente. Em uma das amostras há a inscrição a lápis &#8220;41, 25&#8221;, na parte superior, na quarta linha da quinta coluna.</p>
