{"id":9870,"date":"2021-11-30T20:42:03","date_gmt":"2021-11-30T22:42:03","guid":{"rendered":"https:\/\/museuflorestal.ambiente.sp.gov.br\/acervo\/?post_type=tnc_col_329_item&#038;p=9870"},"modified":"2021-11-30T20:42:06","modified_gmt":"2021-11-30T22:42:06","slug":"quadro-com-amostras-de-madeira-do-forro-4","status":"publish","type":"tnc_col_329_item","link":"https:\/\/museuflorestal.ambiente.sp.gov.br\/acervo\/museu-florestal-octavio-vecchi\/quadro-com-amostras-de-madeira-do-forro-4\/","title":{"rendered":"Quadro com amostras de madeira do forro"},"content":{"rendered":"<p>Quadro de amostras de madeira do forro. Possui moldura com acabamento em tr\u00eas n\u00edveis, placa de metal na parte superior marcando &#8220;Forro&#8221; e vidro. Sobre o vidro h\u00e1 tr\u00eas amostras de madeiras dispostas horizontalmente com etiquetas as identificando. Respectivamente, se l\u00ea: &#8220;Nome Popular: Garant\u00e3, Nome cientifico: Esenbreckia leiocarpa Engl. , Fam\u00edlia: Rutaceae&#8221;; &#8220;Nome popular: Canel\u00e3o, Nome cient\u00edfico: Ocotea Sp. , Fam\u00edlia: Lauraceae&#8221;; &#8220;Nome popular: Jequitib\u00e1-branco, Nome cient\u00edfico: Caviniana estrellensis (Raddi) kuntze, Fam\u00edlia: Lecythidaceae&#8221;. No verso h\u00e1 as inscri\u00e7\u00f5es a l\u00e1pis &#8220;1&#8221;, &#8220;Sala 4 &#8220;, &#8220;FS2&#8221; e gancho de metal na parte superior da moldura.<\/p>\n","protected":false},"featured_media":9871,"parent":0,"menu_order":0,"comment_status":"closed","ping_status":"closed","template":"","format":"standard","_links":{"self":[{"href":"https:\/\/museuflorestal.ambiente.sp.gov.br\/acervo\/wp-json\/wp\/v2\/tnc_col_329_item\/9870"}],"collection":[{"href":"https:\/\/museuflorestal.ambiente.sp.gov.br\/acervo\/wp-json\/wp\/v2\/tnc_col_329_item"}],"about":[{"href":"https:\/\/museuflorestal.ambiente.sp.gov.br\/acervo\/wp-json\/wp\/v2\/types\/tnc_col_329_item"}],"replies":[{"embeddable":true,"href":"https:\/\/museuflorestal.ambiente.sp.gov.br\/acervo\/wp-json\/wp\/v2\/comments?post=9870"}],"version-history":[{"count":0,"href":"https:\/\/museuflorestal.ambiente.sp.gov.br\/acervo\/wp-json\/wp\/v2\/tnc_col_329_item\/9870\/revisions"}],"wp:featuredmedia":[{"embeddable":true,"href":"https:\/\/museuflorestal.ambiente.sp.gov.br\/acervo\/wp-json\/wp\/v2\/media\/9871"}],"wp:attachment":[{"href":"https:\/\/museuflorestal.ambiente.sp.gov.br\/acervo\/wp-json\/wp\/v2\/media?parent=9870"}],"curies":[{"name":"wp","href":"https:\/\/api.w.org\/{rel}","templated":true}]}}

<p>Quadro de amostras de madeira do forro. Possui moldura com acabamento em três níveis, placa de metal na parte superior marcando &#8220;Forro&#8221; e vidro. Sobre o vidro há três amostras de madeiras dispostas horizontalmente com etiquetas as identificando. Respectivamente, se lê: &#8220;Nome Popular: Garantã, Nome cientifico: Esenbreckia leiocarpa Engl. , Família: Rutaceae&#8221;; &#8220;Nome popular: Canelão, Nome científico: Ocotea Sp. , Família: Lauraceae&#8221;; &#8220;Nome popular: Jequitibá-branco, Nome científico: Caviniana estrellensis (Raddi) kuntze, Família: Lecythidaceae&#8221;. No verso há as inscrições a lápis &#8220;1&#8221;, &#8220;Sala 4 &#8220;, &#8220;FS2&#8221; e gancho de metal na parte superior da moldura.</p>
