{"id":9877,"date":"2021-11-30T20:42:17","date_gmt":"2021-11-30T22:42:17","guid":{"rendered":"https:\/\/museuflorestal.ambiente.sp.gov.br\/acervo\/?post_type=tnc_col_329_item&#038;p=9877"},"modified":"2021-11-30T20:42:20","modified_gmt":"2021-11-30T22:42:20","slug":"quadro-com-amostras-de-madeira-do-assoalho-4","status":"publish","type":"tnc_col_329_item","link":"https:\/\/museuflorestal.ambiente.sp.gov.br\/acervo\/museu-florestal-octavio-vecchi\/quadro-com-amostras-de-madeira-do-assoalho-4\/","title":{"rendered":"Quadro com amostras de madeira do assoalho"},"content":{"rendered":"<p>Quadro de amostras de madeira do forro. Possui moldura com acabamento em tr\u00eas n\u00edveis, placa de metal na parte superior marcando &#8220;Soalho&#8221; e vidro. Sobre o vidro h\u00e1 tr\u00eas amostras de madeiras dispostas horizontalmente com etiquetas as identificando. Respectivamente, se l\u00ea: &#8220;Nome popular: Canaf\u00edstula, Nome cient\u00edfico: Peltophorum dubium (Spreng). Traub. , Fam\u00edlia: Leguminosae-Caesalpinoideae&#8221;; &#8220;Nome popular: Ararib\u00e1, Nome cient\u00edfico: Centrolobium sp. , Fam\u00edlia: Leguminosae-Papilionoideae&#8221;; &#8220;Nome popular: Jacatir\u00e3o, Nome cient\u00edfico: Miconia sp. , Familia: Melastomaceae&#8221;. No verso h\u00e1 as inscri\u00e7\u00f5es a l\u00e1pis &#8220;2&#8221;, &#8220;canafistula, guarucaia, arirab\u00e1, jacatir\u00e3o&#8221; e gancho de metal na parte superior da moldura.<\/p>\n","protected":false},"featured_media":9878,"parent":0,"menu_order":0,"comment_status":"closed","ping_status":"closed","template":"","format":"standard","_links":{"self":[{"href":"https:\/\/museuflorestal.ambiente.sp.gov.br\/acervo\/wp-json\/wp\/v2\/tnc_col_329_item\/9877"}],"collection":[{"href":"https:\/\/museuflorestal.ambiente.sp.gov.br\/acervo\/wp-json\/wp\/v2\/tnc_col_329_item"}],"about":[{"href":"https:\/\/museuflorestal.ambiente.sp.gov.br\/acervo\/wp-json\/wp\/v2\/types\/tnc_col_329_item"}],"replies":[{"embeddable":true,"href":"https:\/\/museuflorestal.ambiente.sp.gov.br\/acervo\/wp-json\/wp\/v2\/comments?post=9877"}],"version-history":[{"count":0,"href":"https:\/\/museuflorestal.ambiente.sp.gov.br\/acervo\/wp-json\/wp\/v2\/tnc_col_329_item\/9877\/revisions"}],"wp:featuredmedia":[{"embeddable":true,"href":"https:\/\/museuflorestal.ambiente.sp.gov.br\/acervo\/wp-json\/wp\/v2\/media\/9878"}],"wp:attachment":[{"href":"https:\/\/museuflorestal.ambiente.sp.gov.br\/acervo\/wp-json\/wp\/v2\/media?parent=9877"}],"curies":[{"name":"wp","href":"https:\/\/api.w.org\/{rel}","templated":true}]}}

<p>Quadro de amostras de madeira do forro. Possui moldura com acabamento em três níveis, placa de metal na parte superior marcando &#8220;Soalho&#8221; e vidro. Sobre o vidro há três amostras de madeiras dispostas horizontalmente com etiquetas as identificando. Respectivamente, se lê: &#8220;Nome popular: Canafístula, Nome científico: Peltophorum dubium (Spreng). Traub. , Família: Leguminosae-Caesalpinoideae&#8221;; &#8220;Nome popular: Araribá, Nome científico: Centrolobium sp. , Família: Leguminosae-Papilionoideae&#8221;; &#8220;Nome popular: Jacatirão, Nome científico: Miconia sp. , Familia: Melastomaceae&#8221;. No verso há as inscrições a lápis &#8220;2&#8221;, &#8220;canafistula, guarucaia, arirabá, jacatirão&#8221; e gancho de metal na parte superior da moldura.</p>
