{"id":9937,"date":"2021-11-30T20:44:06","date_gmt":"2021-11-30T22:44:06","guid":{"rendered":"https:\/\/museuflorestal.ambiente.sp.gov.br\/acervo\/?post_type=tnc_col_329_item&#038;p=9937"},"modified":"2021-11-30T20:44:08","modified_gmt":"2021-11-30T22:44:08","slug":"disco-entalhado-com-a-imagem-de-jesus-cristo-2","status":"publish","type":"tnc_col_329_item","link":"https:\/\/museuflorestal.ambiente.sp.gov.br\/acervo\/museu-florestal-octavio-vecchi\/disco-entalhado-com-a-imagem-de-jesus-cristo-2\/","title":{"rendered":"Disco entalhado com a imagem de Jesus Cristo"},"content":{"rendered":"<p>Disco circular de madeira, na cor natural da madeira. Ao centro h\u00e1 um entalhe em alto relevo de Jesus Cristo, com barba, olhos fechados, cabelos longos e coroa de espinhos sob a cabe\u00e7a. Borda com acabamento em dois n\u00edveis. No verso h\u00e1 uma etiqueta com a inscri\u00e7\u00e3o &#8220;OB-29&#8221;.<\/p>\n","protected":false},"featured_media":9938,"parent":0,"menu_order":0,"comment_status":"closed","ping_status":"closed","template":"","format":"standard","_links":{"self":[{"href":"https:\/\/museuflorestal.ambiente.sp.gov.br\/acervo\/wp-json\/wp\/v2\/tnc_col_329_item\/9937"}],"collection":[{"href":"https:\/\/museuflorestal.ambiente.sp.gov.br\/acervo\/wp-json\/wp\/v2\/tnc_col_329_item"}],"about":[{"href":"https:\/\/museuflorestal.ambiente.sp.gov.br\/acervo\/wp-json\/wp\/v2\/types\/tnc_col_329_item"}],"replies":[{"embeddable":true,"href":"https:\/\/museuflorestal.ambiente.sp.gov.br\/acervo\/wp-json\/wp\/v2\/comments?post=9937"}],"version-history":[{"count":0,"href":"https:\/\/museuflorestal.ambiente.sp.gov.br\/acervo\/wp-json\/wp\/v2\/tnc_col_329_item\/9937\/revisions"}],"wp:featuredmedia":[{"embeddable":true,"href":"https:\/\/museuflorestal.ambiente.sp.gov.br\/acervo\/wp-json\/wp\/v2\/media\/9938"}],"wp:attachment":[{"href":"https:\/\/museuflorestal.ambiente.sp.gov.br\/acervo\/wp-json\/wp\/v2\/media?parent=9937"}],"curies":[{"name":"wp","href":"https:\/\/api.w.org\/{rel}","templated":true}]}}

<p>Disco circular de madeira, na cor natural da madeira. Ao centro há um entalhe em alto relevo de Jesus Cristo, com barba, olhos fechados, cabelos longos e coroa de espinhos sob a cabeça. Borda com acabamento em dois níveis. No verso há uma etiqueta com a inscrição &#8220;OB-29&#8221;.</p>
