{"id":9941,"date":"2021-11-30T20:44:12","date_gmt":"2021-11-30T22:44:12","guid":{"rendered":"https:\/\/museuflorestal.ambiente.sp.gov.br\/acervo\/?post_type=tnc_col_329_item&#038;p=9941"},"modified":"2021-11-30T20:44:15","modified_gmt":"2021-11-30T22:44:15","slug":"mata-virgem","status":"publish","type":"tnc_col_329_item","link":"https:\/\/museuflorestal.ambiente.sp.gov.br\/acervo\/museu-florestal-octavio-vecchi\/mata-virgem\/","title":{"rendered":"Mata virgem"},"content":{"rendered":"<p>\u00d3leo sobre tela de paisagem com rio e \u00e1rvores densas. No canto inferior esquerdo h\u00e1 a assinatura &#8220;Campos Ayres, 1928&#8221;. Possui moldura dourada com acabamentos florais nos cantos. No verso h\u00e1 um gancho de metal.<\/p>\n","protected":false},"featured_media":9944,"parent":0,"menu_order":0,"comment_status":"closed","ping_status":"closed","template":"","format":"standard","_links":{"self":[{"href":"https:\/\/museuflorestal.ambiente.sp.gov.br\/acervo\/wp-json\/wp\/v2\/tnc_col_329_item\/9941"}],"collection":[{"href":"https:\/\/museuflorestal.ambiente.sp.gov.br\/acervo\/wp-json\/wp\/v2\/tnc_col_329_item"}],"about":[{"href":"https:\/\/museuflorestal.ambiente.sp.gov.br\/acervo\/wp-json\/wp\/v2\/types\/tnc_col_329_item"}],"replies":[{"embeddable":true,"href":"https:\/\/museuflorestal.ambiente.sp.gov.br\/acervo\/wp-json\/wp\/v2\/comments?post=9941"}],"version-history":[{"count":0,"href":"https:\/\/museuflorestal.ambiente.sp.gov.br\/acervo\/wp-json\/wp\/v2\/tnc_col_329_item\/9941\/revisions"}],"wp:featuredmedia":[{"embeddable":true,"href":"https:\/\/museuflorestal.ambiente.sp.gov.br\/acervo\/wp-json\/wp\/v2\/media\/9944"}],"wp:attachment":[{"href":"https:\/\/museuflorestal.ambiente.sp.gov.br\/acervo\/wp-json\/wp\/v2\/media?parent=9941"}],"curies":[{"name":"wp","href":"https:\/\/api.w.org\/{rel}","templated":true}]}}

<p>Óleo sobre tela de paisagem com rio e árvores densas. No canto inferior esquerdo há a assinatura &#8220;Campos Ayres, 1928&#8221;. Possui moldura dourada com acabamentos florais nos cantos. No verso há um gancho de metal.</p>
