{"id":9953,"date":"2021-11-30T20:44:33","date_gmt":"2021-11-30T22:44:33","guid":{"rendered":"https:\/\/museuflorestal.ambiente.sp.gov.br\/acervo\/?post_type=tnc_col_329_item&#038;p=9953"},"modified":"2021-11-30T20:44:36","modified_gmt":"2021-11-30T22:44:36","slug":"alruna-de-soldado","status":"publish","type":"tnc_col_329_item","link":"https:\/\/museuflorestal.ambiente.sp.gov.br\/acervo\/museu-florestal-octavio-vecchi\/alruna-de-soldado\/","title":{"rendered":"Alruna de soldado"},"content":{"rendered":"<p>Escultura de madeira em dois blocos. Representando figura masculina da cabe\u00e7a at\u00e9 os calcanhares, com o bra\u00e7o esquerdo erguido e bra\u00e7o direito que se contorce at\u00e9 a parte traseira de sua perna esquerda. Possui um quepe militar e espada presa a seu cinto no lado esquerdo. Est\u00e1 sobre base retangular. Na parte superior da base h\u00e1 uma etiqueta com a inscri\u00e7\u00e3o &#8220;AL2&#8221; e inscri\u00e7\u00e3o em baixo-relevo &#8220;M670&#8221;. Na parte frontal da base h\u00e1 o entalhe &#8220;Aozeh 195x&#8221;. No fundo da base, h\u00e1 dois p\u00e9s de madeira com tecidos nas pontas, inscri\u00e7\u00e3o \u00e0 caneta &#8220;AC2&#8221; e um prego de metal.<\/p>\n","protected":false},"featured_media":9954,"parent":0,"menu_order":0,"comment_status":"closed","ping_status":"closed","template":"","format":"standard","_links":{"self":[{"href":"https:\/\/museuflorestal.ambiente.sp.gov.br\/acervo\/wp-json\/wp\/v2\/tnc_col_329_item\/9953"}],"collection":[{"href":"https:\/\/museuflorestal.ambiente.sp.gov.br\/acervo\/wp-json\/wp\/v2\/tnc_col_329_item"}],"about":[{"href":"https:\/\/museuflorestal.ambiente.sp.gov.br\/acervo\/wp-json\/wp\/v2\/types\/tnc_col_329_item"}],"replies":[{"embeddable":true,"href":"https:\/\/museuflorestal.ambiente.sp.gov.br\/acervo\/wp-json\/wp\/v2\/comments?post=9953"}],"version-history":[{"count":0,"href":"https:\/\/museuflorestal.ambiente.sp.gov.br\/acervo\/wp-json\/wp\/v2\/tnc_col_329_item\/9953\/revisions"}],"wp:featuredmedia":[{"embeddable":true,"href":"https:\/\/museuflorestal.ambiente.sp.gov.br\/acervo\/wp-json\/wp\/v2\/media\/9954"}],"wp:attachment":[{"href":"https:\/\/museuflorestal.ambiente.sp.gov.br\/acervo\/wp-json\/wp\/v2\/media?parent=9953"}],"curies":[{"name":"wp","href":"https:\/\/api.w.org\/{rel}","templated":true}]}}

<p>Escultura de madeira em dois blocos. Representando figura masculina da cabeça até os calcanhares, com o braço esquerdo erguido e braço direito que se contorce até a parte traseira de sua perna esquerda. Possui um quepe militar e espada presa a seu cinto no lado esquerdo. Está sobre base retangular. Na parte superior da base há uma etiqueta com a inscrição &#8220;AL2&#8221; e inscrição em baixo-relevo &#8220;M670&#8221;. Na parte frontal da base há o entalhe &#8220;Aozeh 195x&#8221;. No fundo da base, há dois pés de madeira com tecidos nas pontas, inscrição à caneta &#8220;AC2&#8221; e um prego de metal.</p>
