{"id":9982,"date":"2021-11-30T20:45:28","date_gmt":"2021-11-30T22:45:28","guid":{"rendered":"https:\/\/museuflorestal.ambiente.sp.gov.br\/acervo\/?post_type=tnc_col_329_item&#038;p=9982"},"modified":"2021-11-30T20:45:32","modified_gmt":"2021-11-30T22:45:32","slug":"alruna-de-tronco-feminino","status":"publish","type":"tnc_col_329_item","link":"https:\/\/museuflorestal.ambiente.sp.gov.br\/acervo\/museu-florestal-octavio-vecchi\/alruna-de-tronco-feminino\/","title":{"rendered":"Alruna de tronco feminino"},"content":{"rendered":"<p>Escultura em madeira em pe\u00e7a \u00fanica, de um tronco feminino, com seios e quadris acentuados, at\u00e9 o pesco\u00e7o sem bra\u00e7os, terminada em tronco de \u00e1rvore. Est\u00e1 sobre uma base quadrada de madeira. No topo h\u00e1 o entalhe &#8220;Aozeh 1936&#8221;. Na parte inferior frontal da obra, h\u00e1 uma etiqueta com a inscri\u00e7\u00e3o &#8220;AL7&#8221;. Na parte inferior lateral, h\u00e1 a inscri\u00e7\u00e3o em baixo relevo &#8220;M675&#8221;. Na parte posterior, h\u00e1 tecido colado.<\/p>\n","protected":false},"featured_media":9983,"parent":0,"menu_order":0,"comment_status":"closed","ping_status":"closed","template":"","format":"standard","_links":{"self":[{"href":"https:\/\/museuflorestal.ambiente.sp.gov.br\/acervo\/wp-json\/wp\/v2\/tnc_col_329_item\/9982"}],"collection":[{"href":"https:\/\/museuflorestal.ambiente.sp.gov.br\/acervo\/wp-json\/wp\/v2\/tnc_col_329_item"}],"about":[{"href":"https:\/\/museuflorestal.ambiente.sp.gov.br\/acervo\/wp-json\/wp\/v2\/types\/tnc_col_329_item"}],"replies":[{"embeddable":true,"href":"https:\/\/museuflorestal.ambiente.sp.gov.br\/acervo\/wp-json\/wp\/v2\/comments?post=9982"}],"version-history":[{"count":0,"href":"https:\/\/museuflorestal.ambiente.sp.gov.br\/acervo\/wp-json\/wp\/v2\/tnc_col_329_item\/9982\/revisions"}],"wp:featuredmedia":[{"embeddable":true,"href":"https:\/\/museuflorestal.ambiente.sp.gov.br\/acervo\/wp-json\/wp\/v2\/media\/9983"}],"wp:attachment":[{"href":"https:\/\/museuflorestal.ambiente.sp.gov.br\/acervo\/wp-json\/wp\/v2\/media?parent=9982"}],"curies":[{"name":"wp","href":"https:\/\/api.w.org\/{rel}","templated":true}]}}

<p>Escultura em madeira em peça única, de um tronco feminino, com seios e quadris acentuados, até o pescoço sem braços, terminada em tronco de árvore. Está sobre uma base quadrada de madeira. No topo há o entalhe &#8220;Aozeh 1936&#8221;. Na parte inferior frontal da obra, há uma etiqueta com a inscrição &#8220;AL7&#8221;. Na parte inferior lateral, há a inscrição em baixo relevo &#8220;M675&#8221;. Na parte posterior, há tecido colado.</p>
